{"id":4642,"date":"2025-10-21T14:48:24","date_gmt":"2025-10-21T14:48:24","guid":{"rendered":"https:\/\/windmedya.net\/sagun\/index.php\/in-the-press\/"},"modified":"2025-12-29T20:45:21","modified_gmt":"2025-12-29T20:45:21","slug":"in-the-press","status":"publish","type":"page","link":"https:\/\/windmedya.net\/sagun\/index.php\/in-the-press\/?lang=ru","title":{"rendered":"In the Press"},"content":{"rendered":"\t\t<div data-elementor-type=\"wp-page\" data-elementor-id=\"4642\" class=\"elementor elementor-4642 elementor-1881\" data-elementor-settings=\"{&quot;ha_cmc_init_switcher&quot;:&quot;no&quot;}\" data-elementor-post-type=\"page\">\n\t\t\t\t<div class=\"elementor-element elementor-element-1fbc4e2 e-flex e-con-boxed elementor-invisible e-con e-parent\" data-id=\"1fbc4e2\" data-element_type=\"container\" data-settings=\"{&quot;background_background&quot;:&quot;classic&quot;,&quot;animation&quot;:&quot;slideInDown&quot;,&quot;_ha_eqh_enable&quot;:false}\">\n\t\t\t\t\t<div class=\"e-con-inner\">\n\t\t<div class=\"elementor-element elementor-element-50f3eab e-con-full e-flex e-con e-child\" data-id=\"50f3eab\" data-element_type=\"container\" data-settings=\"{&quot;_ha_eqh_enable&quot;:false}\">\n\t\t\t\t<div class=\"elementor-element elementor-element-50bd1c3 elementor-widget elementor-widget-heading\" data-id=\"50bd1c3\" data-element_type=\"widget\" data-widget_type=\"heading.default\">\n\t\t\t\t\t<h2 class=\"elementor-heading-title elementor-size-default\">\u0412 \u041f\u0420\u0415\u0421\u0421\u0415<\/h2>\t\t\t\t<\/div>\n\t\t\t\t<\/div>\n\t\t\t\t\t<\/div>\n\t\t\t\t<\/div>\n\t\t<div class=\"elementor-element elementor-element-0508575 e-flex e-con-boxed e-con e-parent\" data-id=\"0508575\" data-element_type=\"container\" data-settings=\"{&quot;_ha_eqh_enable&quot;:false}\">\n\t\t\t\t\t<div class=\"e-con-inner\">\n\t\t\t\t<div class=\"elementor-element elementor-element-ba64633 elementor-grid-3 elementor-grid-tablet-2 elementor-grid-mobile-1 elementor-posts--thumbnail-top elementor-widget elementor-widget-posts\" data-id=\"ba64633\" data-element_type=\"widget\" data-settings=\"{&quot;classic_masonry&quot;:&quot;yes&quot;,&quot;classic_columns&quot;:&quot;3&quot;,&quot;classic_columns_tablet&quot;:&quot;2&quot;,&quot;classic_columns_mobile&quot;:&quot;1&quot;,&quot;classic_row_gap&quot;:{&quot;unit&quot;:&quot;px&quot;,&quot;size&quot;:35,&quot;sizes&quot;:[]},&quot;classic_row_gap_tablet&quot;:{&quot;unit&quot;:&quot;px&quot;,&quot;size&quot;:&quot;&quot;,&quot;sizes&quot;:[]},&quot;classic_row_gap_mobile&quot;:{&quot;unit&quot;:&quot;px&quot;,&quot;size&quot;:&quot;&quot;,&quot;sizes&quot;:[]}}\" data-widget_type=\"posts.classic\">\n\t\t\t\t<div class=\"elementor-widget-container\">\n\t\t\t\t\t\t\t<div class=\"elementor-posts-container elementor-posts elementor-posts--skin-classic elementor-grid\">\n\t\t\t\t<article class=\"elementor-post elementor-grid-item post-3005 post type-post status-publish format-standard has-post-thumbnail hentry category-uncategorized-tr\">\n\t\t\t\t<a class=\"elementor-post__thumbnail__link\" href=\"https:\/\/windmedya.net\/sagun\/index.php\/2025\/12\/15\/2023-ihracat-hedefini-bu-yil-yakaladik\/\" tabindex=\"-1\" >\n\t\t\t<div class=\"elementor-post__thumbnail\"><img fetchpriority=\"high\" decoding=\"async\" width=\"752\" height=\"395\" src=\"https:\/\/windmedya.net\/sagun\/wp-content\/uploads\/2025\/12\/752x395-2023-ihracat-hedefini-bu-yil-yakaladik-1544995825694.webp\" class=\"attachment-1536x1536 size-1536x1536 wp-image-3006\" alt=\"\" srcset=\"https:\/\/windmedya.net\/sagun\/wp-content\/uploads\/2025\/12\/752x395-2023-ihracat-hedefini-bu-yil-yakaladik-1544995825694.webp 752w, https:\/\/windmedya.net\/sagun\/wp-content\/uploads\/2025\/12\/752x395-2023-ihracat-hedefini-bu-yil-yakaladik-1544995825694-300x158.webp 300w\" sizes=\"(max-width: 752px) 100vw, 752px\" \/><\/div>\n\t\t<\/a>\n\t\t\t\t<div class=\"elementor-post__text\">\n\t\t\t\t<h3 class=\"elementor-post__title\">\n\t\t\t<a href=\"https:\/\/windmedya.net\/sagun\/index.php\/2025\/12\/15\/2023-ihracat-hedefini-bu-yil-yakaladik\/\" >\n\t\t\t\t2023 ihracat hedefini bu y\u0131l yakalad\u0131k\t\t\t<\/a>\n\t\t<\/h3>\n\t\t\n\t\t<a class=\"elementor-post__read-more\" href=\"https:\/\/windmedya.net\/sagun\/index.php\/2025\/12\/15\/2023-ihracat-hedefini-bu-yil-yakaladik\/\" aria-label=\"Read more about 2023 ihracat hedefini bu y\u0131l yakalad\u0131k\" tabindex=\"-1\" >\n\t\t\t\u0427\u0438\u0442\u0430\u0442\u044c \u0434\u0430\u043b\u0435\u0435 \"\t\t<\/a>\n\n\t\t\t\t<\/div>\n\t\t\t\t<\/article>\n\t\t\t\t<article class=\"elementor-post elementor-grid-item post-3002 post type-post status-publish format-standard has-post-thumbnail hentry category-uncategorized-tr\">\n\t\t\t\t<a class=\"elementor-post__thumbnail__link\" href=\"https:\/\/windmedya.net\/sagun\/index.php\/2025\/12\/15\/orkinos-ihracatiyla-japon-buyukelcilik-odulunu-aldi\/\" tabindex=\"-1\" >\n\t\t\t<div class=\"elementor-post__thumbnail\"><img decoding=\"async\" width=\"869\" height=\"477\" src=\"https:\/\/windmedya.net\/sagun\/wp-content\/uploads\/2025\/12\/5f763a6355427f1f74e54fcf.webp\" class=\"attachment-1536x1536 size-1536x1536 wp-image-3003\" alt=\"\" srcset=\"https:\/\/windmedya.net\/sagun\/wp-content\/uploads\/2025\/12\/5f763a6355427f1f74e54fcf.webp 869w, https:\/\/windmedya.net\/sagun\/wp-content\/uploads\/2025\/12\/5f763a6355427f1f74e54fcf-300x165.webp 300w, https:\/\/windmedya.net\/sagun\/wp-content\/uploads\/2025\/12\/5f763a6355427f1f74e54fcf-768x422.webp 768w\" sizes=\"(max-width: 869px) 100vw, 869px\" \/><\/div>\n\t\t<\/a>\n\t\t\t\t<div class=\"elementor-post__text\">\n\t\t\t\t<h3 class=\"elementor-post__title\">\n\t\t\t<a href=\"https:\/\/windmedya.net\/sagun\/index.php\/2025\/12\/15\/orkinos-ihracatiyla-japon-buyukelcilik-odulunu-aldi\/\" >\n\t\t\t\tOrkinos ihracat\u0131yla Japon B\u00fcy\u00fckel\u00e7ilik \u00f6d\u00fcl\u00fcn\u00fc ald\u0131\t\t\t<\/a>\n\t\t<\/h3>\n\t\t\n\t\t<a class=\"elementor-post__read-more\" href=\"https:\/\/windmedya.net\/sagun\/index.php\/2025\/12\/15\/orkinos-ihracatiyla-japon-buyukelcilik-odulunu-aldi\/\" aria-label=\"Read more about Orkinos ihracat\u0131yla Japon B\u00fcy\u00fckel\u00e7ilik \u00f6d\u00fcl\u00fcn\u00fc ald\u0131\" tabindex=\"-1\" >\n\t\t\t\u0427\u0438\u0442\u0430\u0442\u044c \u0434\u0430\u043b\u0435\u0435 \"\t\t<\/a>\n\n\t\t\t\t<\/div>\n\t\t\t\t<\/article>\n\t\t\t\t<article class=\"elementor-post elementor-grid-item post-2999 post type-post status-publish format-standard has-post-thumbnail hentry category-uncategorized-tr\">\n\t\t\t\t<a class=\"elementor-post__thumbnail__link\" href=\"https:\/\/windmedya.net\/sagun\/index.php\/2025\/12\/15\/sokeye-20-milyonluk-fabrika\/\" tabindex=\"-1\" >\n\t\t\t<div class=\"elementor-post__thumbnail\"><img decoding=\"async\" width=\"650\" height=\"344\" src=\"https:\/\/windmedya.net\/sagun\/wp-content\/uploads\/2025\/12\/1472158969319.jpg\" class=\"attachment-1536x1536 size-1536x1536 wp-image-3000\" alt=\"\" srcset=\"https:\/\/windmedya.net\/sagun\/wp-content\/uploads\/2025\/12\/1472158969319.jpg 650w, https:\/\/windmedya.net\/sagun\/wp-content\/uploads\/2025\/12\/1472158969319-300x159.jpg 300w\" sizes=\"(max-width: 650px) 100vw, 650px\" \/><\/div>\n\t\t<\/a>\n\t\t\t\t<div class=\"elementor-post__text\">\n\t\t\t\t<h3 class=\"elementor-post__title\">\n\t\t\t<a href=\"https:\/\/windmedya.net\/sagun\/index.php\/2025\/12\/15\/sokeye-20-milyonluk-fabrika\/\" >\n\t\t\t\tS\u00f6ke\u2019ye 20 milyonluk fabrika\t\t\t<\/a>\n\t\t<\/h3>\n\t\t\n\t\t<a class=\"elementor-post__read-more\" href=\"https:\/\/windmedya.net\/sagun\/index.php\/2025\/12\/15\/sokeye-20-milyonluk-fabrika\/\" aria-label=\"Read more about S\u00f6ke\u2019ye 20 milyonluk fabrika\" tabindex=\"-1\" >\n\t\t\t\u0427\u0438\u0442\u0430\u0442\u044c \u0434\u0430\u043b\u0435\u0435 \"\t\t<\/a>\n\n\t\t\t\t<\/div>\n\t\t\t\t<\/article>\n\t\t\t\t<article class=\"elementor-post elementor-grid-item post-1751 post type-post status-publish format-standard has-post-thumbnail hentry category-uncategorized-tr\">\n\t\t\t\t<a class=\"elementor-post__thumbnail__link\" href=\"https:\/\/windmedya.net\/sagun\/index.php\/2025\/11\/17\/japonlara-turk-somonu-sifirdan-zirveye\/\" tabindex=\"-1\" >\n\t\t\t<div class=\"elementor-post__thumbnail\"><img loading=\"lazy\" decoding=\"async\" width=\"1280\" height=\"720\" src=\"https:\/\/windmedya.net\/sagun\/wp-content\/uploads\/2025\/11\/maxresdefault.jpg\" class=\"attachment-1536x1536 size-1536x1536 wp-image-1752\" alt=\"\" srcset=\"https:\/\/windmedya.net\/sagun\/wp-content\/uploads\/2025\/11\/maxresdefault.jpg 1280w, https:\/\/windmedya.net\/sagun\/wp-content\/uploads\/2025\/11\/maxresdefault-300x169.jpg 300w, https:\/\/windmedya.net\/sagun\/wp-content\/uploads\/2025\/11\/maxresdefault-1024x576.jpg 1024w, https:\/\/windmedya.net\/sagun\/wp-content\/uploads\/2025\/11\/maxresdefault-768x432.jpg 768w\" sizes=\"(max-width: 1280px) 100vw, 1280px\" \/><\/div>\n\t\t<\/a>\n\t\t\t\t<div class=\"elementor-post__text\">\n\t\t\t\t<h3 class=\"elementor-post__title\">\n\t\t\t<a href=\"https:\/\/windmedya.net\/sagun\/index.php\/2025\/11\/17\/japonlara-turk-somonu-sifirdan-zirveye\/\" >\n\t\t\t\tJaponlara T\u00fcrk Somonu | S\u0131f\u0131rdan Zirveye\u2026\t\t\t<\/a>\n\t\t<\/h3>\n\t\t\n\t\t<a class=\"elementor-post__read-more\" href=\"https:\/\/windmedya.net\/sagun\/index.php\/2025\/11\/17\/japonlara-turk-somonu-sifirdan-zirveye\/\" aria-label=\"Read more about Japonlara T\u00fcrk Somonu | S\u0131f\u0131rdan Zirveye\u2026\" tabindex=\"-1\" >\n\t\t\t\u0427\u0438\u0442\u0430\u0442\u044c \u0434\u0430\u043b\u0435\u0435 \"\t\t<\/a>\n\n\t\t\t\t<\/div>\n\t\t\t\t<\/article>\n\t\t\t\t<article class=\"elementor-post elementor-grid-item post-1433 post type-post status-publish format-standard has-post-thumbnail hentry category-uncategorized-tr\">\n\t\t\t\t<a class=\"elementor-post__thumbnail__link\" href=\"https:\/\/windmedya.net\/sagun\/index.php\/2025\/11\/14\/balikcilikta-gunes-aciyor\/\" tabindex=\"-1\" >\n\t\t\t<div class=\"elementor-post__thumbnail\"><img loading=\"lazy\" decoding=\"async\" width=\"869\" height=\"477\" src=\"https:\/\/windmedya.net\/sagun\/wp-content\/uploads\/2025\/11\/65a441304d41ac7f2fd665ad.webp\" class=\"attachment-1536x1536 size-1536x1536 wp-image-1434\" alt=\"\" srcset=\"https:\/\/windmedya.net\/sagun\/wp-content\/uploads\/2025\/11\/65a441304d41ac7f2fd665ad.webp 869w, https:\/\/windmedya.net\/sagun\/wp-content\/uploads\/2025\/11\/65a441304d41ac7f2fd665ad-300x165.webp 300w, https:\/\/windmedya.net\/sagun\/wp-content\/uploads\/2025\/11\/65a441304d41ac7f2fd665ad-768x422.webp 768w\" sizes=\"(max-width: 869px) 100vw, 869px\" \/><\/div>\n\t\t<\/a>\n\t\t\t\t<div class=\"elementor-post__text\">\n\t\t\t\t<h3 class=\"elementor-post__title\">\n\t\t\t<a href=\"https:\/\/windmedya.net\/sagun\/index.php\/2025\/11\/14\/balikcilikta-gunes-aciyor\/\" >\n\t\t\t\tBal\u0131k\u00e7\u0131l\u0131kta \u2018g\u00fcne\u015f a\u00e7\u0131yor\u2019\t\t\t<\/a>\n\t\t<\/h3>\n\t\t\n\t\t<a class=\"elementor-post__read-more\" href=\"https:\/\/windmedya.net\/sagun\/index.php\/2025\/11\/14\/balikcilikta-gunes-aciyor\/\" aria-label=\"Read more about Bal\u0131k\u00e7\u0131l\u0131kta \u2018g\u00fcne\u015f a\u00e7\u0131yor\u2019\" tabindex=\"-1\" >\n\t\t\t\u0427\u0438\u0442\u0430\u0442\u044c \u0434\u0430\u043b\u0435\u0435 \"\t\t<\/a>\n\n\t\t\t\t<\/div>\n\t\t\t\t<\/article>\n\t\t\t\t<article class=\"elementor-post elementor-grid-item post-1427 post type-post status-publish format-standard has-post-thumbnail hentry category-uncategorized-tr\">\n\t\t\t\t<a class=\"elementor-post__thumbnail__link\" href=\"https:\/\/windmedya.net\/sagun\/index.php\/2025\/11\/14\/balik-imparatorlugu\/\" tabindex=\"-1\" >\n\t\t\t<div class=\"elementor-post__thumbnail\"><img loading=\"lazy\" decoding=\"async\" width=\"869\" height=\"477\" src=\"https:\/\/windmedya.net\/sagun\/wp-content\/uploads\/2025\/11\/65ee6ee763198a575d9b5d00.webp\" class=\"attachment-1536x1536 size-1536x1536 wp-image-1428\" alt=\"\" srcset=\"https:\/\/windmedya.net\/sagun\/wp-content\/uploads\/2025\/11\/65ee6ee763198a575d9b5d00.webp 869w, https:\/\/windmedya.net\/sagun\/wp-content\/uploads\/2025\/11\/65ee6ee763198a575d9b5d00-300x165.webp 300w, https:\/\/windmedya.net\/sagun\/wp-content\/uploads\/2025\/11\/65ee6ee763198a575d9b5d00-768x422.webp 768w\" sizes=\"(max-width: 869px) 100vw, 869px\" \/><\/div>\n\t\t<\/a>\n\t\t\t\t<div class=\"elementor-post__text\">\n\t\t\t\t<h3 class=\"elementor-post__title\">\n\t\t\t<a href=\"https:\/\/windmedya.net\/sagun\/index.php\/2025\/11\/14\/balik-imparatorlugu\/\" >\n\t\t\t\tBal\u0131k \u0130mparatorlu\u011fu\t\t\t<\/a>\n\t\t<\/h3>\n\t\t\n\t\t<a class=\"elementor-post__read-more\" href=\"https:\/\/windmedya.net\/sagun\/index.php\/2025\/11\/14\/balik-imparatorlugu\/\" aria-label=\"Read more about Bal\u0131k \u0130mparatorlu\u011fu\" tabindex=\"-1\" >\n\t\t\t\u0427\u0438\u0442\u0430\u0442\u044c \u0434\u0430\u043b\u0435\u0435 \"\t\t<\/a>\n\n\t\t\t\t<\/div>\n\t\t\t\t<\/article>\n\t\t\t\t<\/div>\n\t\t\n\t\t\t\t\t\t<\/div>\n\t\t\t\t<\/div>\n\t\t\t\t\t<\/div>\n\t\t\t\t<\/div>\n\t\t\t\t<\/div>\n\t\t","protected":false},"excerpt":{"rendered":"<p>\u0412 \u041f\u0420\u0415\u0421\u0421\u0415<\/p>\n","protected":false},"author":1,"featured_media":0,"parent":0,"menu_order":0,"comment_status":"closed","ping_status":"closed","template":"elementor_header_footer","meta":{"footnotes":""},"class_list":["post-4642","page","type-page","status-publish","hentry"],"_links":{"self":[{"href":"https:\/\/windmedya.net\/sagun\/index.php\/wp-json\/wp\/v2\/pages\/4642","targetHints":{"allow":["GET"]}}],"collection":[{"href":"https:\/\/windmedya.net\/sagun\/index.php\/wp-json\/wp\/v2\/pages"}],"about":[{"href":"https:\/\/windmedya.net\/sagun\/index.php\/wp-json\/wp\/v2\/types\/page"}],"author":[{"embeddable":true,"href":"https:\/\/windmedya.net\/sagun\/index.php\/wp-json\/wp\/v2\/users\/1"}],"replies":[{"embeddable":true,"href":"https:\/\/windmedya.net\/sagun\/index.php\/wp-json\/wp\/v2\/comments?post=4642"}],"version-history":[{"count":1,"href":"https:\/\/windmedya.net\/sagun\/index.php\/wp-json\/wp\/v2\/pages\/4642\/revisions"}],"predecessor-version":[{"id":4644,"href":"https:\/\/windmedya.net\/sagun\/index.php\/wp-json\/wp\/v2\/pages\/4642\/revisions\/4644"}],"wp:attachment":[{"href":"https:\/\/windmedya.net\/sagun\/index.php\/wp-json\/wp\/v2\/media?parent=4642"}],"curies":[{"name":"wp","href":"https:\/\/api.w.org\/{rel}","templated":true}]}}