{"id":447,"date":"2025-10-21T22:08:04","date_gmt":"2025-10-21T22:08:04","guid":{"rendered":"https:\/\/windmedya.net\/sagun\/?page_id=447"},"modified":"2025-12-11T18:42:59","modified_gmt":"2025-12-11T18:42:59","slug":"eu","status":"publish","type":"page","link":"https:\/\/windmedya.net\/sagun\/index.php\/eu\/","title":{"rendered":"Sagun EU"},"content":{"rendered":"\t\t<div data-elementor-type=\"wp-page\" data-elementor-id=\"447\" class=\"elementor elementor-447\" data-elementor-settings=\"{&quot;ha_cmc_init_switcher&quot;:&quot;no&quot;}\" data-elementor-post-type=\"page\">\n\t\t\t\t<div class=\"elementor-element elementor-element-5d8388d4 e-flex e-con-boxed e-con e-parent\" data-id=\"5d8388d4\" data-element_type=\"container\" data-settings=\"{&quot;background_background&quot;:&quot;classic&quot;,&quot;_ha_eqh_enable&quot;:false}\">\n\t\t\t\t\t<div class=\"e-con-inner\">\n\t\t<div class=\"elementor-element elementor-element-58ab2f46 e-con-full e-flex e-con e-child\" data-id=\"58ab2f46\" data-element_type=\"container\" data-settings=\"{&quot;_ha_eqh_enable&quot;:false}\">\n\t\t\t\t<div class=\"elementor-element elementor-element-cf8e301 elementor-widget elementor-widget-image\" data-id=\"cf8e301\" data-element_type=\"widget\" data-widget_type=\"image.default\">\n\t\t\t\t\t\t\t\t\t\t\t\t\t\t\t<img decoding=\"async\" width=\"132\" height=\"130\" src=\"https:\/\/windmedya.net\/sagun\/wp-content\/uploads\/2025\/12\/sagun-eu-yuvarlak.png\" class=\"attachment-full size-full wp-image-2706\" alt=\"\" \/>\t\t\t\t\t\t\t\t\t\t\t\t\t\t\t<\/div>\n\t\t\t\t<\/div>\n\t\t\t\t\t<\/div>\n\t\t\t\t<\/div>\n\t\t<div class=\"elementor-element elementor-element-81d4cf2 e-flex e-con-boxed e-con e-parent\" data-id=\"81d4cf2\" data-element_type=\"container\" data-settings=\"{&quot;_ha_eqh_enable&quot;:false}\">\n\t\t\t\t\t<div class=\"e-con-inner\">\n\t\t\t\t<div class=\"elementor-element elementor-element-c25f2cf elementor-widget elementor-widget-heading\" data-id=\"c25f2cf\" data-element_type=\"widget\" data-widget_type=\"heading.default\">\n\t\t\t\t\t<h2 class=\"elementor-heading-title elementor-size-default\">SAGUN EU<\/h2>\t\t\t\t<\/div>\n\t\t\t\t<div class=\"elementor-element elementor-element-0e3899f elementor-widget__width-initial elementor-widget elementor-widget-text-editor\" data-id=\"0e3899f\" data-element_type=\"widget\" data-widget_type=\"text-editor.default\">\n\t\t\t\t\t\t\t\t\t<p>Sagun EU BV., 2015 y\u0131l\u0131nda Hollanda \u2013 Yerseke\u2019de, %100 Group Sagun sermayesi ve sahipli\u011finde kurulmu\u015f bir grup \u015firketidir. Sagun EU\u2019nun amac\u0131, T\u00fcrkiye\u2019de \u00fcretimi yap\u0131lan \u00e7ipura, levrek ve alabal\u0131k ba\u015fta olmak \u00fczere akuak\u00fclt\u00fcr \u00fcr\u00fcnlerimizi, parsiyel bazda Avrupa\u2019n\u0131n her \u00fclkesinde bal\u0131khane, perakendeci ve toptanc\u0131lara sat\u0131\u015f\u0131n\u0131 sa\u011flayarak, lojistik ve depolama hizmeti vermektir.<\/p>\t\t\t\t\t\t\t\t<\/div>\n\t\t\t\t\t<\/div>\n\t\t\t\t<\/div>\n\t\t<div class=\"elementor-element elementor-element-b16740a e-con-full e-flex e-con e-parent\" data-id=\"b16740a\" data-element_type=\"container\" data-settings=\"{&quot;_ha_eqh_enable&quot;:false}\">\n\t\t\t\t<div class=\"elementor-element elementor-element-6027459 elementor-widget elementor-widget-google_maps\" data-id=\"6027459\" data-element_type=\"widget\" data-widget_type=\"google_maps.default\">\n\t\t\t\t\t\t\t<div class=\"elementor-custom-embed\">\n\t\t\t<iframe loading=\"lazy\"\n\t\t\t\t\tsrc=\"https:\/\/maps.google.com\/maps?q=Osmangazi%20Mah.%20Battalgazi%20Cad.%20Sagun%20Plaza%20No%3A21%2034887%20%C4%B0stanbul%20%2F%20T%C3%9CRK%C4%B0YE&#038;t=m&#038;z=14&#038;output=embed&#038;iwloc=near\"\n\t\t\t\t\ttitle=\"Osmangazi Mah. Battalgazi Cad. Sagun Plaza No:21 34887 \u0130stanbul \/ T\u00dcRK\u0130YE\"\n\t\t\t\t\taria-label=\"Osmangazi Mah. Battalgazi Cad. Sagun Plaza No:21 34887 \u0130stanbul \/ T\u00dcRK\u0130YE\"\n\t\t\t><\/iframe>\n\t\t<\/div>\n\t\t\t\t\t\t<\/div>\n\t\t\t\t<\/div>\n\t\t\t\t<\/div>\n\t\t","protected":false},"excerpt":{"rendered":"<p>SAGUN EU Sagun EU BV., 2015 y\u0131l\u0131nda Hollanda \u2013 Yerseke\u2019de, %100 Group Sagun sermayesi ve sahipli\u011finde kurulmu\u015f bir grup \u015firketidir. Sagun EU\u2019nun amac\u0131, T\u00fcrkiye\u2019de \u00fcretimi yap\u0131lan \u00e7ipura, levrek ve alabal\u0131k ba\u015fta olmak \u00fczere akuak\u00fclt\u00fcr \u00fcr\u00fcnlerimizi, parsiyel bazda Avrupa\u2019n\u0131n her \u00fclkesinde bal\u0131khane, perakendeci ve toptanc\u0131lara sat\u0131\u015f\u0131n\u0131 sa\u011flayarak, lojistik ve depolama hizmeti vermektir.<\/p>\n","protected":false},"author":1,"featured_media":0,"parent":0,"menu_order":0,"comment_status":"closed","ping_status":"closed","template":"elementor_header_footer","meta":{"footnotes":""},"class_list":["post-447","page","type-page","status-publish","hentry"],"_links":{"self":[{"href":"https:\/\/windmedya.net\/sagun\/index.php\/wp-json\/wp\/v2\/pages\/447","targetHints":{"allow":["GET"]}}],"collection":[{"href":"https:\/\/windmedya.net\/sagun\/index.php\/wp-json\/wp\/v2\/pages"}],"about":[{"href":"https:\/\/windmedya.net\/sagun\/index.php\/wp-json\/wp\/v2\/types\/page"}],"author":[{"embeddable":true,"href":"https:\/\/windmedya.net\/sagun\/index.php\/wp-json\/wp\/v2\/users\/1"}],"replies":[{"embeddable":true,"href":"https:\/\/windmedya.net\/sagun\/index.php\/wp-json\/wp\/v2\/comments?post=447"}],"version-history":[{"count":33,"href":"https:\/\/windmedya.net\/sagun\/index.php\/wp-json\/wp\/v2\/pages\/447\/revisions"}],"predecessor-version":[{"id":2713,"href":"https:\/\/windmedya.net\/sagun\/index.php\/wp-json\/wp\/v2\/pages\/447\/revisions\/2713"}],"wp:attachment":[{"href":"https:\/\/windmedya.net\/sagun\/index.php\/wp-json\/wp\/v2\/media?parent=447"}],"curies":[{"name":"wp","href":"https:\/\/api.w.org\/{rel}","templated":true}]}}