{"id":4205,"date":"2025-11-11T13:14:28","date_gmt":"2025-11-11T13:14:28","guid":{"rendered":"https:\/\/windmedya.net\/sagun\/index.php\/turkish-salmon\/"},"modified":"2025-12-29T18:29:30","modified_gmt":"2025-12-29T18:29:30","slug":"turkish-salmon","status":"publish","type":"page","link":"https:\/\/windmedya.net\/sagun\/index.php\/turkish-salmon\/?lang=fr","title":{"rendered":"Turkish Salmon"},"content":{"rendered":"\t\t<div data-elementor-type=\"wp-page\" data-elementor-id=\"4205\" class=\"elementor elementor-4205 elementor-1946\" data-elementor-settings=\"{&quot;ha_cmc_init_switcher&quot;:&quot;no&quot;}\" data-elementor-post-type=\"page\">\n\t\t\t\t<div class=\"elementor-element elementor-element-1fbc4e2 e-flex e-con-boxed e-con e-parent\" data-id=\"1fbc4e2\" data-element_type=\"container\" data-settings=\"{&quot;background_background&quot;:&quot;classic&quot;,&quot;_ha_eqh_enable&quot;:false}\">\n\t\t\t\t\t<div class=\"e-con-inner\">\n\t\t<div class=\"elementor-element elementor-element-50f3eab e-con-full e-flex e-con e-child\" data-id=\"50f3eab\" data-element_type=\"container\" data-settings=\"{&quot;_ha_eqh_enable&quot;:false}\">\n\t\t\t\t<div class=\"elementor-element elementor-element-50bd1c3 elementor-widget elementor-widget-heading\" data-id=\"50bd1c3\" data-element_type=\"widget\" data-widget_type=\"heading.default\">\n\t\t\t\t\t<h2 class=\"elementor-heading-title elementor-size-default\">SAUMON TURC<\/h2>\t\t\t\t<\/div>\n\t\t\t\t<\/div>\n\t\t\t\t\t<\/div>\n\t\t\t\t<\/div>\n\t\t<div class=\"elementor-element elementor-element-7c760056 e-flex e-con-boxed e-con e-parent\" data-id=\"7c760056\" data-element_type=\"container\" data-settings=\"{&quot;_ha_eqh_enable&quot;:false}\">\n\t\t\t\t\t<div class=\"e-con-inner\">\n\t\t<div class=\"elementor-element elementor-element-d656117 e-con-full e-flex e-con e-child\" data-id=\"d656117\" data-element_type=\"container\" data-settings=\"{&quot;_ha_eqh_enable&quot;:false}\">\n\t\t\t\t<div class=\"elementor-element elementor-element-c0c1085 elementor-invisible elementor-widget elementor-widget-image\" data-id=\"c0c1085\" data-element_type=\"widget\" data-settings=\"{&quot;_animation&quot;:&quot;fadeInLeft&quot;}\" data-widget_type=\"image.default\">\n\t\t\t\t\t\t\t\t\t\t\t\t\t\t\t<img decoding=\"async\" src=\"https:\/\/windmedya.net\/sagun\/wp-content\/uploads\/elementor\/thumbs\/somon-reju19240lldcdfkpdc0v20t0ufqen5dwp92apfgi4.jpg\" title=\"somon\" alt=\"somon\" loading=\"lazy\" \/>\t\t\t\t\t\t\t\t\t\t\t\t\t\t\t<\/div>\n\t\t\t\t<div class=\"elementor-element elementor-element-2d73fc13 elementor-widget__width-initial elementor-absolute ha-has-bg-overlay elementor-invisible elementor-widget elementor-widget-spacer\" data-id=\"2d73fc13\" data-element_type=\"widget\" data-settings=\"{&quot;_position&quot;:&quot;absolute&quot;,&quot;_animation&quot;:&quot;zoomIn&quot;}\" data-widget_type=\"spacer.default\">\n\t\t\t\t\t\t\t<div class=\"elementor-spacer\">\n\t\t\t<div class=\"elementor-spacer-inner\"><\/div>\n\t\t<\/div>\n\t\t\t\t\t\t<\/div>\n\t\t\t\t<\/div>\n\t\t<div class=\"elementor-element elementor-element-5aac7b53 e-con-full e-flex elementor-invisible e-con e-child\" data-id=\"5aac7b53\" data-element_type=\"container\" data-settings=\"{&quot;animation&quot;:&quot;fadeInRight&quot;,&quot;_ha_eqh_enable&quot;:false}\">\n\t\t\t\t<div class=\"elementor-element elementor-element-490bd1b5 elementor-widget elementor-widget-heading\" data-id=\"490bd1b5\" data-element_type=\"widget\" data-widget_type=\"heading.default\">\n\t\t\t\t\t<h2 class=\"elementor-heading-title elementor-size-default\">Saumon turc<\/h2>\t\t\t\t<\/div>\n\t\t\t\t<div class=\"elementor-element elementor-element-6ac24823 elementor-widget__width-initial elementor-widget elementor-widget-text-editor\" data-id=\"6ac24823\" data-element_type=\"widget\" data-widget_type=\"text-editor.default\">\n\t\t\t\t\t\t\t\t\t<p>Le saumon turc est un poisson gras de qualit\u00e9 sup\u00e9rieure, r\u00e9put\u00e9 pour sa haute teneur en prot\u00e9ines et sa richesse en acides gras om\u00e9ga-3.<br data-start=\"109\" data-end=\"112\">Outre sa saveur l\u00e9gendaire, le saumon turc est une excellente source de vitamine D et contribue significativement au bien-\u00eatre g\u00e9n\u00e9ral.<br data-start=\"249\" data-end=\"252\">Bien que de petite taille, ce poisson tr\u00e8s nutritif offre une source exceptionnelle de min\u00e9raux et d&#8217;oligo-\u00e9l\u00e9ments essentiels, ce qui en fait un choix de premier ordre pour une alimentation saine.<br data-start=\"454\" data-end=\"457\">Chaque ann\u00e9e, nous \u00e9levons 8 000 saumons turcs dans les eaux fra\u00eeches et pures de notre r\u00e9gion, t\u00e9moignant de notre engagement envers la qualit\u00e9 et la durabilit\u00e9.<br data-start=\"604\" data-end=\"607\">Notre saumon frais est disponible d&#8217;avril \u00e0 juin, tandis que nos produits surgel\u00e9s sont soigneusement conserv\u00e9s et propos\u00e9s frais \u00e0 nos clients toute l&#8217;ann\u00e9e, garantissant une fra\u00eecheur optimale \u00e0 chaque bouch\u00e9e.<br data-start=\"814\" data-end=\"817\">Laissez-vous s\u00e9duire par la richesse du saumon turc : puret\u00e9, nutrition et saveur extraordinaire s&#8217;unissent en parfaite harmonie.<br><br><\/p><p>Nom latin : ONCORHYNCHUS MYKISS<\/p><p>Enti\u00e8rement \u00e9visc\u00e9r\u00e9<\/p><p>Tour complet<\/p><table><tbody><tr><td><p class=\"urun-ic-p4\">Frais\/R\u00e9frig\u00e9r\u00e9 et surgel\u00e9<\/p><\/td><\/tr><tr><td><p class=\"urun-ic-p5\">1-2\/2-3\/3-4\/4-5 (kg)<\/p><\/td><\/tr><tr><td><p class=\"urun-ic-p5\">Tailles : 400\/500 ; 500\/600 ; 600\/700<\/p><\/td><\/tr><tr><td><p class=\"urun-ic-p7\">Conditionn\u00e9 en cartons de 10 kg ou 20 kg<\/p><\/td><\/tr><\/tbody><\/table>\t\t\t\t\t\t\t\t<\/div>\n\t\t\t\t<\/div>\n\t\t\t\t\t<\/div>\n\t\t\t\t<\/div>\n\t\t\t\t<\/div>\n\t\t","protected":false},"excerpt":{"rendered":"<p>SAUMON TURC Saumon turc Le saumon turc est un poisson gras de qualit\u00e9 sup\u00e9rieure, r\u00e9put\u00e9 pour sa haute teneur en prot\u00e9ines et sa richesse en acides gras om\u00e9ga-3.Outre sa saveur l\u00e9gendaire, le saumon turc est une excellente source de vitamine D et contribue significativement au bien-\u00eatre g\u00e9n\u00e9ral.Bien que de petite taille, ce poisson tr\u00e8s nutritif [&hellip;]<\/p>\n","protected":false},"author":1,"featured_media":0,"parent":0,"menu_order":0,"comment_status":"closed","ping_status":"closed","template":"elementor_header_footer","meta":{"footnotes":""},"class_list":["post-4205","page","type-page","status-publish","hentry"],"_links":{"self":[{"href":"https:\/\/windmedya.net\/sagun\/index.php\/wp-json\/wp\/v2\/pages\/4205","targetHints":{"allow":["GET"]}}],"collection":[{"href":"https:\/\/windmedya.net\/sagun\/index.php\/wp-json\/wp\/v2\/pages"}],"about":[{"href":"https:\/\/windmedya.net\/sagun\/index.php\/wp-json\/wp\/v2\/types\/page"}],"author":[{"embeddable":true,"href":"https:\/\/windmedya.net\/sagun\/index.php\/wp-json\/wp\/v2\/users\/1"}],"replies":[{"embeddable":true,"href":"https:\/\/windmedya.net\/sagun\/index.php\/wp-json\/wp\/v2\/comments?post=4205"}],"version-history":[{"count":1,"href":"https:\/\/windmedya.net\/sagun\/index.php\/wp-json\/wp\/v2\/pages\/4205\/revisions"}],"predecessor-version":[{"id":4206,"href":"https:\/\/windmedya.net\/sagun\/index.php\/wp-json\/wp\/v2\/pages\/4205\/revisions\/4206"}],"wp:attachment":[{"href":"https:\/\/windmedya.net\/sagun\/index.php\/wp-json\/wp\/v2\/media?parent=4205"}],"curies":[{"name":"wp","href":"https:\/\/api.w.org\/{rel}","templated":true}]}}