{"id":4101,"date":"2025-11-10T11:30:15","date_gmt":"2025-11-10T11:30:15","guid":{"rendered":"https:\/\/windmedya.net\/sagun\/index.php\/ogulcan-kemal-sagun\/"},"modified":"2025-12-29T18:09:56","modified_gmt":"2025-12-29T18:09:56","slug":"ogulcan-kemal-sagun","status":"publish","type":"page","link":"https:\/\/windmedya.net\/sagun\/index.php\/ogulcan-kemal-sagun\/?lang=fr","title":{"rendered":"O\u011fulcan Kemal Sagun"},"content":{"rendered":"\t\t<div data-elementor-type=\"wp-page\" data-elementor-id=\"4101\" class=\"elementor elementor-4101 elementor-1850\" data-elementor-settings=\"{&quot;ha_cmc_init_switcher&quot;:&quot;no&quot;}\" data-elementor-post-type=\"page\">\n\t\t\t\t<div class=\"elementor-element elementor-element-1fbc4e2 e-flex e-con-boxed elementor-invisible e-con e-parent\" data-id=\"1fbc4e2\" data-element_type=\"container\" data-settings=\"{&quot;background_background&quot;:&quot;classic&quot;,&quot;animation&quot;:&quot;slideInDown&quot;,&quot;_ha_eqh_enable&quot;:false}\">\n\t\t\t\t\t<div class=\"e-con-inner\">\n\t\t<div class=\"elementor-element elementor-element-50f3eab e-con-full e-flex e-con e-child\" data-id=\"50f3eab\" data-element_type=\"container\" data-settings=\"{&quot;_ha_eqh_enable&quot;:false}\">\n\t\t\t\t<div class=\"elementor-element elementor-element-50bd1c3 elementor-widget elementor-widget-heading\" data-id=\"50bd1c3\" data-element_type=\"widget\" data-widget_type=\"heading.default\">\n\t\t\t\t\t<h2 class=\"elementor-heading-title elementor-size-default\">O\u011eULCAN KEMAL SAGUN<\/h2>\t\t\t\t<\/div>\n\t\t\t\t<\/div>\n\t\t\t\t\t<\/div>\n\t\t\t\t<\/div>\n\t\t<div class=\"elementor-element elementor-element-6251e8f e-flex e-con-boxed elementor-invisible e-con e-parent\" data-id=\"6251e8f\" data-element_type=\"container\" data-settings=\"{&quot;animation&quot;:&quot;slideInUp&quot;,&quot;_ha_eqh_enable&quot;:false}\">\n\t\t\t\t\t<div class=\"e-con-inner\">\n\t\t\t\t<div class=\"elementor-element elementor-element-bbc8010 elementor-widget elementor-widget-heading\" data-id=\"bbc8010\" data-element_type=\"widget\" data-widget_type=\"heading.default\">\n\t\t\t\t\t<h2 class=\"elementor-heading-title elementor-size-default\">O\u011fulcan Kemal Sagun<\/h2>\t\t\t\t<\/div>\n\t\t\t\t<div class=\"elementor-element elementor-element-9dc359e elementor-widget__width-initial elementor-widget elementor-widget-text-editor\" data-id=\"9dc359e\" data-element_type=\"widget\" data-widget_type=\"text-editor.default\">\n\t\t\t\t\t\t\t\t\t<p>N\u00e9 \u00e0 Istanbul en 1991, O\u011fulcan Kemal Sagun a effectu\u00e9 ses \u00e9tudes secondaires au lyc\u00e9e fran\u00e7ais Saint-Joseph et est dipl\u00f4m\u00e9 en \u00e9conomie de l&#8217;universit\u00e9 Sabanc\u0131 (promotion 2014). Il a ensuite obtenu un master et un doctorat en gestion de l&#8217;aquaculture \u00e0 l&#8217;universit\u00e9 d&#8217;Ege.<br>O\u011fulcan Kemal Sagun est actuellement vice-pr\u00e9sident du conseil d&#8217;administration du groupe Sagun et vice-pr\u00e9sident du conseil d&#8217;administration de l&#8217;Association des exportateurs de produits de la mer et d&#8217;animaux d&#8217;Istanbul.  <\/p>\t\t\t\t\t\t\t\t<\/div>\n\t\t\t\t\t<\/div>\n\t\t\t\t<\/div>\n\t\t\t\t<\/div>\n\t\t","protected":false},"excerpt":{"rendered":"<p>O\u011eULCAN KEMAL SAGUN O\u011fulcan Kemal Sagun N\u00e9 \u00e0 Istanbul en 1991, O\u011fulcan Kemal Sagun a effectu\u00e9 ses \u00e9tudes secondaires au lyc\u00e9e fran\u00e7ais Saint-Joseph et est dipl\u00f4m\u00e9 en \u00e9conomie de l&#8217;universit\u00e9 Sabanc\u0131 (promotion 2014). Il a ensuite obtenu un master et un doctorat en gestion de l&#8217;aquaculture \u00e0 l&#8217;universit\u00e9 d&#8217;Ege.O\u011fulcan Kemal Sagun est actuellement vice-pr\u00e9sident du [&hellip;]<\/p>\n","protected":false},"author":1,"featured_media":0,"parent":0,"menu_order":0,"comment_status":"closed","ping_status":"closed","template":"elementor_header_footer","meta":{"footnotes":""},"class_list":["post-4101","page","type-page","status-publish","hentry"],"_links":{"self":[{"href":"https:\/\/windmedya.net\/sagun\/index.php\/wp-json\/wp\/v2\/pages\/4101","targetHints":{"allow":["GET"]}}],"collection":[{"href":"https:\/\/windmedya.net\/sagun\/index.php\/wp-json\/wp\/v2\/pages"}],"about":[{"href":"https:\/\/windmedya.net\/sagun\/index.php\/wp-json\/wp\/v2\/types\/page"}],"author":[{"embeddable":true,"href":"https:\/\/windmedya.net\/sagun\/index.php\/wp-json\/wp\/v2\/users\/1"}],"replies":[{"embeddable":true,"href":"https:\/\/windmedya.net\/sagun\/index.php\/wp-json\/wp\/v2\/comments?post=4101"}],"version-history":[{"count":3,"href":"https:\/\/windmedya.net\/sagun\/index.php\/wp-json\/wp\/v2\/pages\/4101\/revisions"}],"predecessor-version":[{"id":4111,"href":"https:\/\/windmedya.net\/sagun\/index.php\/wp-json\/wp\/v2\/pages\/4101\/revisions\/4111"}],"wp:attachment":[{"href":"https:\/\/windmedya.net\/sagun\/index.php\/wp-json\/wp\/v2\/media?parent=4101"}],"curies":[{"name":"wp","href":"https:\/\/api.w.org\/{rel}","templated":true}]}}