{"id":4099,"date":"2025-11-14T09:41:46","date_gmt":"2025-11-14T09:41:46","guid":{"rendered":"https:\/\/windmedya.net\/sagun\/index.php\/personal-data-protection-law\/"},"modified":"2025-12-29T18:08:08","modified_gmt":"2025-12-29T18:08:08","slug":"personal-data-protection-law","status":"publish","type":"page","link":"https:\/\/windmedya.net\/sagun\/index.php\/personal-data-protection-law\/?lang=fr","title":{"rendered":"Personal Data Protection Law"},"content":{"rendered":"\t\t<div data-elementor-type=\"wp-page\" data-elementor-id=\"4099\" class=\"elementor elementor-4099 elementor-1994\" data-elementor-settings=\"{&quot;ha_cmc_init_switcher&quot;:&quot;no&quot;}\" data-elementor-post-type=\"page\">\n\t\t\t\t<div class=\"elementor-element elementor-element-e794d79 e-flex e-con-boxed e-con e-parent\" data-id=\"e794d79\" data-element_type=\"container\" data-settings=\"{&quot;background_background&quot;:&quot;classic&quot;,&quot;_ha_eqh_enable&quot;:false}\">\n\t\t\t\t\t<div class=\"e-con-inner\">\n\t\t<div class=\"elementor-element elementor-element-28ec54b e-con-full e-flex e-con e-child\" data-id=\"28ec54b\" data-element_type=\"container\" data-settings=\"{&quot;_ha_eqh_enable&quot;:false}\">\n\t\t\t\t<div class=\"elementor-element elementor-element-c0bbba1 elementor-widget elementor-widget-heading\" data-id=\"c0bbba1\" data-element_type=\"widget\" data-widget_type=\"heading.default\">\n\t\t\t\t\t<h2 class=\"elementor-heading-title elementor-size-default\">LOI SUR LA PROTECTION DES DONN\u00c9ES PERSONNELLES ET AVIS D'INFORMATION<\/h2>\t\t\t\t<\/div>\n\t\t\t\t<\/div>\n\t\t\t\t\t<\/div>\n\t\t\t\t<\/div>\n\t\t<div class=\"elementor-element elementor-element-76d15ad e-flex e-con-boxed e-con e-parent\" data-id=\"76d15ad\" data-element_type=\"container\" data-settings=\"{&quot;_ha_eqh_enable&quot;:false}\">\n\t\t\t\t\t<div class=\"e-con-inner\">\n\t\t\t\t<div class=\"elementor-element elementor-element-b445729 elementor-widget__width-initial elementor-widget elementor-widget-text-editor\" data-id=\"b445729\" data-element_type=\"widget\" data-widget_type=\"text-editor.default\">\n\t\t\t\t\t\t\t\t\t<p data-start=\"173\" data-end=\"226\"><strong data-start=\"175\" data-end=\"226\">TEXTE DE CLARIFICATION SUR LA LOI SUR LA PROTECTION DES DONN\u00c9ES PERSONNELLES<\/strong><\/p><p data-start=\"228\" data-end=\"1016\">Votre vie priv\u00e9e est respect\u00e9e et la s\u00e9curit\u00e9 de vos donn\u00e9es est une priorit\u00e9 chez GROUP SAGUN ET NOS SOCI\u00c9T\u00c9S AFFILI\u00c9ES (Kemal Bal\u0131k\u00e7\u0131l\u0131k \u0130hracat Ltd. \u015eti, Tsm Deniz \u00dcr\u00fcnleri Sanayi ve Ticaret A.\u015e, Marines G\u0131da \u00dcr\u00fcnleri Sanayi ve Ticaret A.\u015e, Merlion Deniz \u00dcr\u00fcnleri Sanayi ve Ticaret A.\u015e, Sagun Aqua K\u00fclt\u00fcr Bal\u0131k\u00e7\u0131l\u0131k Sanayi ve Ticaret A.\u015e, Sagun Su \u00dcr\u00fcnleri Ltd. \u015eti, Feed Co Yem Hammaddeleri Katk\u0131 Malzemeleri \u0130thalat \u0130hracat Ticaret A.\u015e).<br data-start=\"662\" data-end=\"665\">Dans ce contexte, ce texte explicatif a \u00e9t\u00e9 pr\u00e9par\u00e9 pour vous expliquer, vous informer et vous \u00e9clairer sur le traitement de vos donn\u00e9es personnelles, notamment dans le but de prot\u00e9ger vos droits et libert\u00e9s fondamentaux, y compris le droit au respect de la vie priv\u00e9e, conform\u00e9ment \u00e0 la loi n\u00b0 6698 sur la protection des donn\u00e9es personnelles (\u00ab KVKK \u00bb) et aux autres l\u00e9gislations applicables.<\/p><p data-start=\"1018\" data-end=\"1198\">Vous pouvez acc\u00e9der \u00e0 des informations plus d\u00e9taill\u00e9es sur le traitement de vos donn\u00e9es personnelles dans la Politique de protection des donn\u00e9es personnelles et de confidentialit\u00e9 (KVK) du Groupe Sagun, disponible sur notre page d&#8217;accueil.<\/p><p data-start=\"1205\" data-end=\"1226\"><strong data-start=\"1208\" data-end=\"1226\">1. INFORMATION<\/strong><\/p><p data-start=\"1228\" data-end=\"1500\">La loi n\u00b0 6698 relative \u00e0 la protection des donn\u00e9es personnelles (\u00ab KVKK \u00bb) a \u00e9t\u00e9 adopt\u00e9e le 24 mars 2016 et publi\u00e9e au Journal officiel le 7 avril 2016.<br data-start=\"1365\" data-end=\"1368\">L\u2019article 32, intitul\u00e9 \u00ab Application \u00bb, stipule que les articles 8 \u00e0 18 sont entr\u00e9s en vigueur le 7 octobre 2016.<\/p><p data-start=\"1502\" data-end=\"1752\">La loi vise \u00e0 prot\u00e9ger les droits et libert\u00e9s fondamentaux, notamment le droit au respect de la vie priv\u00e9e, lors du traitement des donn\u00e9es personnelles, et \u00e0 r\u00e9glementer les obligations des personnes qui traitent des donn\u00e9es personnelles ainsi que les proc\u00e9dures et principes \u00e0 suivre.<\/p><p data-start=\"1754\" data-end=\"1953\">Ce texte explicatif est pr\u00e9sent\u00e9 afin de remplir l\u2019obligation d\u2019information et de fournir aux visiteurs des informations concernant la \u00ab Protection des donn\u00e9es personnelles et le consentement au partage des donn\u00e9es personnelles \u00bb.<\/p><p data-start=\"1955\" data-end=\"2167\">Le groupe Sagun s&#8217;engage \u00e0 ne pas vendre, louer ou mettre \u00e0 la disposition de tiers votre nom, votre adresse \u00e9lectronique, votre adresse personnelle ou professionnelle, votre num\u00e9ro de t\u00e9l\u00e9phone ou toute autre donn\u00e9e personnelle soumise via les formulaires de ce site.<\/p><p data-start=\"2174\" data-end=\"2219\"><strong data-start=\"2177\" data-end=\"2219\">2. FINALIT\u00c9 DU TRAITEMENT DES DONN\u00c9ES PERSONNELLES<\/strong><\/p><p data-start=\"2221\" data-end=\"2268\">Vos donn\u00e9es personnelles sont trait\u00e9es par notre soci\u00e9t\u00e9 :<\/p><ul data-start=\"2270\" data-end=\"3032\"><li data-start=\"2270\" data-end=\"2343\"><p data-start=\"2272\" data-end=\"2343\">Afin de permettre aux personnes concern\u00e9es de b\u00e9n\u00e9ficier de nos services et produits,<\/p><\/li><li data-start=\"2344\" data-end=\"2435\"><p data-start=\"2346\" data-end=\"2435\">Pour r\u00e9aliser les travaux n\u00e9cessaires et les processus op\u00e9rationnels connexes au sein des services concern\u00e9s,<\/p><\/li><li data-start=\"2436\" data-end=\"2495\"><p data-start=\"2438\" data-end=\"2495\">Pour mener des activit\u00e9s commerciales et des processus connexes,<\/p><\/li><li data-start=\"2496\" data-end=\"2558\"><p data-start=\"2498\" data-end=\"2558\">Planifier et mettre en \u0153uvre des strat\u00e9gies commerciales et\/ou d&#8217;affaires,<\/p><\/li><li data-start=\"2559\" data-end=\"2698\"><p data-start=\"2561\" data-end=\"2698\">Afin de garantir la s\u00e9curit\u00e9 juridique, technique et commerciale de notre soci\u00e9t\u00e9 ou des personnes impliqu\u00e9es dans une relation commerciale avec notre soci\u00e9t\u00e9,<\/p><\/li><li data-start=\"2699\" data-end=\"2782\"><p data-start=\"2701\" data-end=\"2782\">Pour cr\u00e9er un dossier d&#8217;adh\u00e9sion et effectuer une v\u00e9rification d&#8217;identit\u00e9 sur notre site web,<\/p><\/li><li data-start=\"2783\" data-end=\"2847\"><p data-start=\"2785\" data-end=\"2847\">Afin de fournir et d&#8217;am\u00e9liorer les services offerts par le biais de notre site web,<\/p><\/li><li data-start=\"2848\" data-end=\"2890\"><p data-start=\"2850\" data-end=\"2890\">Pour d\u00e9velopper des versions logicielles adapt\u00e9es,<\/p><\/li><li data-start=\"2891\" data-end=\"2958\"><p data-start=\"2893\" data-end=\"2958\">Pour r\u00e9pondre aux demandes de communication soumises via notre site web,<\/p><\/li><li data-start=\"2959\" data-end=\"3032\"><p data-start=\"2961\" data-end=\"3032\">Pour remplir les obligations inh\u00e9rentes aux services offerts sur notre site web,<\/p><\/li><\/ul><p data-start=\"3034\" data-end=\"3075\">conform\u00e9ment aux articles 5 et 6 de la KVKK.<\/p><p data-start=\"3082\" data-end=\"3142\"><strong>3. PRINCIPES FONDAMENTAUX DU TRAITEMENT DES DONN\u00c9ES PERSONNELLES<\/strong><\/p><p data-start=\"3144\" data-end=\"3384\">Notre soci\u00e9t\u00e9 se conforme aux principes g\u00e9n\u00e9raux et aux exigences l\u00e9gales de la l\u00e9gislation et agit conform\u00e9ment aux principes ci-dessous afin de garantir que les donn\u00e9es personnelles sont trait\u00e9es de mani\u00e8re licite et conform\u00e9ment \u00e0 la Constitution et \u00e0 la loi KVKK.<\/p><p data-start=\"3386\" data-end=\"3463\"><strong data-start=\"3390\" data-end=\"3463\">3.1. Principe : Le traitement des donn\u00e9es personnelles est interdit sauf autorisation.<\/strong><\/p><p data-start=\"3465\" data-end=\"3594\">Notre soci\u00e9t\u00e9 traite les donn\u00e9es personnelles uniquement dans les limites autoris\u00e9es par la l\u00e9gislation et sur la base des fondements juridiques suivants :<\/p><ol data-start=\"3596\" data-end=\"4537\"><li data-start=\"3596\" data-end=\"3805\"><p data-start=\"3599\" data-end=\"3805\">Consentement explicite de la personne concern\u00e9e<br data-start=\"3639\" data-end=\"3642\">Le consentement explicite doit concerner une personne sp\u00e9cifique, \u00eatre \u00e9clair\u00e9 et donn\u00e9 librement.<br data-start=\"3730\" data-end=\"3733\">Si d&#8217;autres fondements juridiques ci-dessous s&#8217;appliquent, le consentement explicite n&#8217;est pas requis.<\/p><\/li><li data-start=\"3807\" data-end=\"3932\"><p data-start=\"3810\" data-end=\"3932\">Conform\u00e9ment \u00e0 la loi<br data-start=\"3840\" data-end=\"3843\">Les donn\u00e9es personnelles peuvent \u00eatre trait\u00e9es sans consentement si la l\u00e9gislation l&#8217;autorise explicitement.<\/p><\/li><li data-start=\"3934\" data-end=\"4123\"><p data-start=\"3937\" data-end=\"4123\">Impossibilit\u00e9 d&#8217;obtenir le consentement en raison d&#8217;une impossibilit\u00e9 r\u00e9elle<br data-start=\"3996\" data-end=\"3999\">S&#8217;il est n\u00e9cessaire de traiter des donn\u00e9es personnelles pour prot\u00e9ger la vie ou l&#8217;int\u00e9grit\u00e9 physique d&#8217;une personne lorsque son consentement ne peut \u00eatre donn\u00e9.<\/p><\/li><li data-start=\"4125\" data-end=\"4202\"><p data-start=\"4128\" data-end=\"4202\"><strong data-start=\"4128\" data-end=\"4202\">Le traitement est n\u00e9cessaire \u00e0 la conclusion ou \u00e0 l&#8217;ex\u00e9cution d&#8217;un contrat<\/strong><\/p><\/li><li data-start=\"4204\" data-end=\"4279\"><p data-start=\"4207\" data-end=\"4279\"><strong data-start=\"4207\" data-end=\"4279\">Le traitement est n\u00e9cessaire pour satisfaire \u00e0 une obligation l\u00e9gale de l&#8217;entreprise.<\/strong><\/p><\/li><li data-start=\"4281\" data-end=\"4333\"><p data-start=\"4284\" data-end=\"4333\"><strong data-start=\"4284\" data-end=\"4333\">Donn\u00e9es personnelles rendues publiques par la personne concern\u00e9e<\/strong><\/p><\/li><li data-start=\"4335\" data-end=\"4418\"><p data-start=\"4338\" data-end=\"4418\"><strong data-start=\"4338\" data-end=\"4418\">Le traitement est n\u00e9cessaire \u00e0 la constatation, \u00e0 l\u2019exercice ou \u00e0 la protection d\u2019un droit.<\/strong><\/p><\/li><li data-start=\"4420\" data-end=\"4537\"><p data-start=\"4423\" data-end=\"4537\">Le traitement est n\u00e9cessaire aux fins des int\u00e9r\u00eats l\u00e9gitimes de la soci\u00e9t\u00e9, \u00e0 condition qu&#8217;il ne porte pas atteinte aux droits fondamentaux.<\/p><\/li><\/ol><p data-start=\"4539\" data-end=\"4708\">Si les donn\u00e9es personnelles trait\u00e9es sont des donn\u00e9es personnelles de cat\u00e9gorie sp\u00e9ciale, elles ne peuvent \u00eatre trait\u00e9es qu&#8217;avec un consentement explicite ou avec des garanties ad\u00e9quates d\u00e9termin\u00e9es par le Conseil.<\/p><hr data-start=\"4710\" data-end=\"4713\"><p data-start=\"4715\" data-end=\"4776\"><strong data-start=\"4719\" data-end=\"4776\">3.2. Respect de la loi et des principes de bonne foi<\/strong><\/p><p data-start=\"4778\" data-end=\"4891\">Notre soci\u00e9t\u00e9 traite les donn\u00e9es personnelles de mani\u00e8re licite, loyale et transparente, conform\u00e9ment \u00e0 l&#8217;article 4 de la loi KVKK.<\/p><p data-start=\"4893\" data-end=\"4964\"><strong data-start=\"4897\" data-end=\"4964\">3.3. Limitation de l&#8217;objectif, minimisation des donn\u00e9es et proportionnalit\u00e9<\/strong><\/p><p data-start=\"4966\" data-end=\"5084\">Notre soci\u00e9t\u00e9 d\u00e9termine les finalit\u00e9s du traitement des donn\u00e9es personnelles et \u00e9vite de traiter des donn\u00e9es non pertinentes ou inutiles.<\/p><p data-start=\"5086\" data-end=\"5127\"><strong data-start=\"5090\" data-end=\"5127\">3.4. Exactitude et donn\u00e9es \u00e0 jour<\/strong><\/p><p data-start=\"5129\" data-end=\"5255\">Notre soci\u00e9t\u00e9 veille \u00e0 ce que les donn\u00e9es personnelles trait\u00e9es soient exactes et \u00e0 jour, en se basant sur les d\u00e9clarations des personnes concern\u00e9es.<\/p><p data-start=\"5257\" data-end=\"5332\"><strong data-start=\"5261\" data-end=\"5332\">3.5. Donn\u00e9es trait\u00e9es \u00e0 des fins sp\u00e9cifiques, explicites et l\u00e9gitimes<\/strong><\/p><p data-start=\"5334\" data-end=\"5469\">Notre soci\u00e9t\u00e9 collecte et traite les donn\u00e9es personnelles uniquement \u00e0 des fins l\u00e9gitimes et licites et ne les conserve que pendant la p\u00e9riode n\u00e9cessaire.<\/p><p data-start=\"5471\" data-end=\"5507\"><strong data-start=\"5475\" data-end=\"5507\">3.6. Principe de s\u00e9curit\u00e9 des donn\u00e9es<\/strong><\/p><p data-start=\"5509\" data-end=\"5619\">Notre soci\u00e9t\u00e9 prend toutes les mesures techniques et administratives n\u00e9cessaires pour assurer la s\u00e9curit\u00e9 des donn\u00e9es personnelles.<\/p><p data-start=\"5626\" data-end=\"5692\"><strong data-start=\"5629\" data-end=\"5692\">4. M\u00c9THODE ET FONDEMENTS JURIDIQUES DE LA COLLECTE DES DONN\u00c9ES PERSONNELLES<\/strong><\/p><p data-start=\"5694\" data-end=\"5725\">Des donn\u00e9es personnelles peuvent \u00eatre collect\u00e9es :<\/p><ul data-start=\"5727\" data-end=\"6198\"><li data-start=\"5727\" data-end=\"5800\"><p data-start=\"5729\" data-end=\"5800\">Lors des transactions commerciales, des n\u00e9gociations et de l&#8217;ex\u00e9cution des contrats,<\/p><\/li><li data-start=\"5801\" data-end=\"5834\"><p data-start=\"5803\" data-end=\"5834\">Lors des processus de recrutement,<\/p><\/li><li data-start=\"5835\" data-end=\"5861\"><p data-start=\"5837\" data-end=\"5861\">Tout au long de son emploi,<\/p><\/li><li data-start=\"5862\" data-end=\"5924\"><p data-start=\"5864\" data-end=\"5924\">Lors de l&#8217;octroi de contrats de concession ou de contrats de service agr\u00e9\u00e9s,<\/p><\/li><li data-start=\"5925\" data-end=\"5978\"><p data-start=\"5927\" data-end=\"5978\">Par le biais des enregistrements des cam\u00e9ras de s\u00e9curit\u00e9 et des formulaires des visiteurs,<\/p><\/li><li data-start=\"5979\" data-end=\"6042\"><p data-start=\"5981\" data-end=\"6042\">Lors de vos visites dans nos bureaux, succursales, magasins ou sur notre site Web,<\/p><\/li><li data-start=\"6043\" data-end=\"6116\"><p data-start=\"6045\" data-end=\"6116\">Par le biais des communications des centres d&#8217;appels pour les processus de garantie ou de service,<\/p><\/li><li data-start=\"6117\" data-end=\"6198\"><p data-start=\"6119\" data-end=\"6198\">Par le biais de la participation \u00e0 des \u00e9v\u00e9nements, s\u00e9minaires, formations ou organisations de l&#8217;entreprise.<\/p><\/li><\/ul><p data-start=\"6200\" data-end=\"6400\">Les donn\u00e9es personnelles peuvent \u00eatre collect\u00e9es verbalement, par \u00e9crit ou par voie \u00e9lectronique, au moyen de m\u00e9thodes automatis\u00e9es ou non automatis\u00e9es.<br data-start=\"6313\" data-end=\"6316\">Ces donn\u00e9es peuvent \u00eatre trait\u00e9es et transf\u00e9r\u00e9es conform\u00e9ment aux articles 5 et 6 de la loi k\u00e9nyane sur la protection des donn\u00e9es (KVKK).<\/p><p data-start=\"6407\" data-end=\"6490\"><strong data-start=\"6410\" data-end=\"6490\">5. DESTINATAIRES DES DONN\u00c9ES PERSONNELLES ET FINALIT\u00c9S DU TRANSFERT<\/strong><\/p><p data-start=\"6492\" data-end=\"6551\">Les donn\u00e9es personnelles peuvent \u00eatre transf\u00e9r\u00e9es au niveau national ou international vers :<\/p><ul data-start=\"6553\" data-end=\"6715\"><li data-start=\"6553\" data-end=\"6605\"><p data-start=\"6555\" data-end=\"6605\">soci\u00e9t\u00e9s du groupe et filiales de notre soci\u00e9t\u00e9 holding,<\/p><\/li><li data-start=\"6606\" data-end=\"6623\"><p data-start=\"6608\" data-end=\"6623\">Actionnaires,<\/p><\/li><li data-start=\"6624\" data-end=\"6646\"><p data-start=\"6626\" data-end=\"6646\">Partenaires commerciaux,<\/p><\/li><li data-start=\"6647\" data-end=\"6661\"><p data-start=\"6649\" data-end=\"6661\">Fournisseurs,<\/p><\/li><li data-start=\"6662\" data-end=\"6715\"><p data-start=\"6664\" data-end=\"6715\">Authorized public institutions and private persons,<\/p><\/li><\/ul><p data-start=\"6717\" data-end=\"6754\">conform\u00e9ment aux articles 8 et 9 de la KVKK.<\/p><p data-start=\"6761\" data-end=\"6809\"><strong data-start=\"6764\" data-end=\"6809\">6. MESURES ET ENGAGEMENTS EN MATI\u00c8RE DE S\u00c9CURIT\u00c9 DES DONN\u00c9ES<\/strong><\/p><p data-start=\"6811\" data-end=\"6837\">Notre soci\u00e9t\u00e9 s&#8217;engage \u00e0 :<\/p><ul data-start=\"6839\" data-end=\"7068\"><li data-start=\"6839\" data-end=\"6888\"><p data-start=\"6841\" data-end=\"6888\">Pr\u00e9venir le traitement illicite des donn\u00e9es personnelles,<\/p><\/li><li data-start=\"6889\" data-end=\"6934\"><p data-start=\"6891\" data-end=\"6934\">Emp\u00eacher l&#8217;acc\u00e8s ill\u00e9gal aux donn\u00e9es personnelles,<\/p><\/li><li data-start=\"6935\" data-end=\"6984\"><p data-start=\"6937\" data-end=\"6984\">Garantir la conservation s\u00e9curis\u00e9e des donn\u00e9es personnelles,<\/p><\/li><li data-start=\"6985\" data-end=\"7068\"><p data-start=\"6987\" data-end=\"7068\">Prendre les mesures techniques et administratives n\u00e9cessaires et r\u00e9aliser les audits requis.<\/p><\/li><\/ul><p data-start=\"7070\" data-end=\"7232\">Notre soci\u00e9t\u00e9 ne divulguera pas les donn\u00e9es personnelles \u00e0 des tiers et ne les utilisera pas \u00e0 d&#8217;autres fins que celles \u00e9nonc\u00e9es dans le pr\u00e9sent texte de clarification et la l\u00e9gislation applicable.<\/p><p data-start=\"7234\" data-end=\"7326\">Les liens pr\u00e9sents sur notre site web vers des applications tierces ne rel\u00e8vent pas de la responsabilit\u00e9 de notre soci\u00e9t\u00e9.<\/p><p data-start=\"7333\" data-end=\"7369\"><strong data-start=\"7336\" data-end=\"7369\">7. DROITS DE LA PERSONNE CONCERN\u00c9E<\/strong><\/p><p data-start=\"7371\" data-end=\"7450\">Conform\u00e9ment \u00e0 l&#8217;article 11 de la loi KVKK, toute personne peut s&#8217;adresser \u00e0 notre soci\u00e9t\u00e9 pour demander :<\/p><ol data-start=\"7452\" data-end=\"8049\"><li data-start=\"7452\" data-end=\"7508\"><p data-start=\"7455\" data-end=\"7508\">Confirmation du traitement ou non de donn\u00e9es personnelles,<\/p><\/li><li data-start=\"7509\" data-end=\"7560\"><p data-start=\"7512\" data-end=\"7560\">Informations concernant les donn\u00e9es personnelles trait\u00e9es,<\/p><\/li><li data-start=\"7561\" data-end=\"7625\"><p data-start=\"7564\" data-end=\"7625\">Finalit\u00e9 du traitement et utilisation des donn\u00e9es en cons\u00e9quence,<\/p><\/li><li data-start=\"7626\" data-end=\"7714\"><p data-start=\"7629\" data-end=\"7714\">Informations concernant les tiers auxquels des donn\u00e9es sont transf\u00e9r\u00e9es au niveau national ou international,<\/p><\/li><li data-start=\"7715\" data-end=\"7773\"><p data-start=\"7718\" data-end=\"7773\">Correction des donn\u00e9es personnelles incompl\u00e8tes ou inexactes,<\/p><\/li><li data-start=\"7774\" data-end=\"7836\"><p data-start=\"7777\" data-end=\"7836\">Suppression ou destruction des donn\u00e9es personnelles en vertu de l&#8217;article 7,<\/p><\/li><li data-start=\"7837\" data-end=\"7918\"><p data-start=\"7840\" data-end=\"7918\">Notification des mesures prises aux tiers auxquels les donn\u00e9es ont \u00e9t\u00e9 transf\u00e9r\u00e9es,<\/p><\/li><li data-start=\"7919\" data-end=\"7979\"><p data-start=\"7922\" data-end=\"7979\">Opposition aux r\u00e9sultats issus d&#8217;un traitement automatis\u00e9,<\/p><\/li><li data-start=\"7980\" data-end=\"8049\"><p data-start=\"7983\" data-end=\"8049\">Indemnisation pour les dommages subis du fait d&#8217;un traitement illicite des donn\u00e9es.<\/p><\/li><\/ol><p data-start=\"8051\" data-end=\"8311\">Conform\u00e9ment \u00e0 l&#8217;article 13 de la loi k\u00e9nyane sur la protection des donn\u00e9es (KVKK), les demandes doivent \u00eatre soumises par \u00e9crit ou selon les modalit\u00e9s d\u00e9finies par l&#8217;Autorit\u00e9 de protection des donn\u00e9es personnelles. L&#8217;Autorit\u00e9 n&#8217;ayant pas encore d\u00e9fini d&#8217;autres modalit\u00e9s, les demandes doivent actuellement \u00eatre soumises par \u00e9crit. <\/p><p data-start=\"8313\" data-end=\"8456\">Vous pouvez envoyer vos demandes \u00e9crites, comprenant les informations d&#8217;identit\u00e9 et des explications concernant vos droits en vertu de l&#8217;article 11 de la KVKK, \u00e0 :<\/p><p data-start=\"8458\" data-end=\"8532\"><strong data-start=\"8458\" data-end=\"8532\">GROUP SAGUN<br data-start=\"8471\" data-end=\"8474\">Osmangazi Mh. Battalgazi Cd. No:21 Sancaktepe \/ \u0130stanbul  <\/strong><\/p><p data-start=\"8534\" data-end=\"8652\">\u2014 by hand delivery,<br data-start=\"8553\" data-end=\"8556\">\u2014 via notary public,<br data-start=\"8576\" data-end=\"8579\">\u2014 or by sending a <strong data-start=\"8597\" data-end=\"8628\">secure electronic signature<\/strong> to: <strong data-start=\"8633\" data-end=\"8652\"><a class=\"decorated-link cursor-pointer\" rel=\"noopener\" data-start=\"8635\" data-end=\"8650\">sagun@sagun.com<\/a><\/strong><\/p>\t\t\t\t\t\t\t\t<\/div>\n\t\t\t\t\t<\/div>\n\t\t\t\t<\/div>\n\t\t\t\t<\/div>\n\t\t","protected":false},"excerpt":{"rendered":"<p>LOI SUR LA PROTECTION DES DONN\u00c9ES PERSONNELLES ET AVIS D&#8217;INFORMATION TEXTE DE CLARIFICATION SUR LA LOI SUR LA PROTECTION DES DONN\u00c9ES PERSONNELLES Votre vie priv\u00e9e est respect\u00e9e et la s\u00e9curit\u00e9 de vos donn\u00e9es est une priorit\u00e9 chez GROUP SAGUN ET NOS SOCI\u00c9T\u00c9S AFFILI\u00c9ES (Kemal Bal\u0131k\u00e7\u0131l\u0131k \u0130hracat Ltd. \u015eti, Tsm Deniz \u00dcr\u00fcnleri Sanayi ve Ticaret A.\u015e, [&hellip;]<\/p>\n","protected":false},"author":1,"featured_media":0,"parent":0,"menu_order":0,"comment_status":"closed","ping_status":"closed","template":"elementor_header_footer","meta":{"footnotes":""},"class_list":["post-4099","page","type-page","status-publish","hentry"],"_links":{"self":[{"href":"https:\/\/windmedya.net\/sagun\/index.php\/wp-json\/wp\/v2\/pages\/4099","targetHints":{"allow":["GET"]}}],"collection":[{"href":"https:\/\/windmedya.net\/sagun\/index.php\/wp-json\/wp\/v2\/pages"}],"about":[{"href":"https:\/\/windmedya.net\/sagun\/index.php\/wp-json\/wp\/v2\/types\/page"}],"author":[{"embeddable":true,"href":"https:\/\/windmedya.net\/sagun\/index.php\/wp-json\/wp\/v2\/users\/1"}],"replies":[{"embeddable":true,"href":"https:\/\/windmedya.net\/sagun\/index.php\/wp-json\/wp\/v2\/comments?post=4099"}],"version-history":[{"count":1,"href":"https:\/\/windmedya.net\/sagun\/index.php\/wp-json\/wp\/v2\/pages\/4099\/revisions"}],"predecessor-version":[{"id":4100,"href":"https:\/\/windmedya.net\/sagun\/index.php\/wp-json\/wp\/v2\/pages\/4099\/revisions\/4100"}],"wp:attachment":[{"href":"https:\/\/windmedya.net\/sagun\/index.php\/wp-json\/wp\/v2\/media?parent=4099"}],"curies":[{"name":"wp","href":"https:\/\/api.w.org\/{rel}","templated":true}]}}