{"id":3994,"date":"2025-10-21T12:11:27","date_gmt":"2025-10-21T12:11:27","guid":{"rendered":"https:\/\/windmedya.net\/sagun\/index.php\/cold-storage-food-processing-logistics\/"},"modified":"2026-01-06T13:39:41","modified_gmt":"2026-01-06T13:39:41","slug":"cold-storage-food-processing-logistics","status":"publish","type":"page","link":"https:\/\/windmedya.net\/sagun\/index.php\/cold-storage-food-processing-logistics\/?lang=fr","title":{"rendered":"Cold Storage, Food Processing &amp; Logistics"},"content":{"rendered":"\t\t<div data-elementor-type=\"wp-page\" data-elementor-id=\"3994\" class=\"elementor elementor-3994 elementor-261\" data-elementor-settings=\"{&quot;ha_cmc_init_switcher&quot;:&quot;no&quot;}\" data-elementor-post-type=\"page\">\n\t\t\t\t<div class=\"elementor-element elementor-element-e879e9b e-flex e-con-boxed e-con e-parent\" data-id=\"e879e9b\" data-element_type=\"container\" data-settings=\"{&quot;background_background&quot;:&quot;classic&quot;,&quot;_ha_eqh_enable&quot;:false}\">\n\t\t\t\t\t<div class=\"e-con-inner\">\n\t\t<div class=\"elementor-element elementor-element-f044146 e-con-full e-flex e-con e-child\" data-id=\"f044146\" data-element_type=\"container\" data-settings=\"{&quot;_ha_eqh_enable&quot;:false}\">\n\t\t\t\t<div class=\"elementor-element elementor-element-d4c3139 elementor-widget elementor-widget-heading\" data-id=\"d4c3139\" data-element_type=\"widget\" data-widget_type=\"heading.default\">\n\t\t\t\t\t<h2 class=\"elementor-heading-title elementor-size-default\">ENTREPOSAGE FROIDIQUE, TRANSFORMATION ALIMENTAIRE ET LOGISTIQUE<\/h2>\t\t\t\t<\/div>\n\t\t\t\t<\/div>\n\t\t\t\t\t<\/div>\n\t\t\t\t<\/div>\n\t\t<div class=\"elementor-element elementor-element-2148e2a e-flex e-con-boxed e-con e-parent\" data-id=\"2148e2a\" data-element_type=\"container\" data-settings=\"{&quot;_ha_eqh_enable&quot;:false}\">\n\t\t\t\t\t<div class=\"e-con-inner\">\n\t\t<div class=\"elementor-element elementor-element-7a61a2eb e-con-full e-flex elementor-invisible e-con e-child\" data-id=\"7a61a2eb\" data-element_type=\"container\" data-settings=\"{&quot;animation&quot;:&quot;fadeInLeft&quot;,&quot;_ha_eqh_enable&quot;:false}\">\n\t\t\t\t<div class=\"elementor-element elementor-element-5e893329 elementor-widget elementor-widget-heading\" data-id=\"5e893329\" data-element_type=\"widget\" data-widget_type=\"heading.default\">\n\t\t\t\t\t<h2 class=\"elementor-heading-title elementor-size-default\">Entreposage frigorifique, transformation alimentaire et logistique<\/h2>\t\t\t\t<\/div>\n\t\t\t\t<div class=\"elementor-element elementor-element-1279621 elementor-widget__width-initial elementor-widget elementor-widget-text-editor\" data-id=\"1279621\" data-element_type=\"widget\" data-widget_type=\"text-editor.default\">\n\t\t\t\t\t\t\t\t\t<p>L\u2019infrastructure logistique et de stockage du groupe Sagun comprend 18 installations modernes r\u00e9parties dans 6 r\u00e9gions de Turquie. Chaque installation joue un r\u00f4le essentiel \u00e0 diff\u00e9rentes \u00e9tapes de la cha\u00eene d\u2019approvisionnement, garantissant ainsi que les produits parviennent sur les march\u00e9s mondiaux dans leur \u00e9tat le plus frais et de la meilleure qualit\u00e9. <\/p>\t\t\t\t\t\t\t\t<\/div>\n\t\t\t\t<\/div>\n\t\t<div class=\"elementor-element elementor-element-6e06b100 e-con-full e-flex e-con e-child\" data-id=\"6e06b100\" data-element_type=\"container\" data-settings=\"{&quot;_ha_eqh_enable&quot;:false}\">\n\t\t<div class=\"elementor-element elementor-element-77043bc e-con-full e-flex e-con e-child\" data-id=\"77043bc\" data-element_type=\"container\" data-settings=\"{&quot;_ha_eqh_enable&quot;:false}\">\n\t\t\t\t<div class=\"elementor-element elementor-element-1f1fdf7 elementor-arrows-position-inside elementor-invisible elementor-widget elementor-widget-image-carousel\" data-id=\"1f1fdf7\" data-element_type=\"widget\" data-settings=\"{&quot;slides_to_show&quot;:&quot;1&quot;,&quot;navigation&quot;:&quot;arrows&quot;,&quot;_animation&quot;:&quot;fadeInLeft&quot;,&quot;autoplay&quot;:&quot;yes&quot;,&quot;pause_on_hover&quot;:&quot;yes&quot;,&quot;pause_on_interaction&quot;:&quot;yes&quot;,&quot;autoplay_speed&quot;:5000,&quot;infinite&quot;:&quot;yes&quot;,&quot;effect&quot;:&quot;slide&quot;,&quot;speed&quot;:500}\" data-widget_type=\"image-carousel.default\">\n\t\t\t\t\t\t\t<div class=\"elementor-image-carousel-wrapper swiper\" role=\"region\" aria-roledescription=\"carousel\" aria-label=\"Image Carousel\" dir=\"ltr\">\n\t\t\t<div class=\"elementor-image-carousel swiper-wrapper\" aria-live=\"off\">\n\t\t\t\t\t\t\t\t<div class=\"swiper-slide\" role=\"group\" aria-roledescription=\"slide\" aria-label=\"1 sur 1\"><figure class=\"swiper-slide-inner\"><img decoding=\"async\" class=\"swiper-slide-image\" src=\"https:\/\/windmedya.net\/sagun\/wp-content\/uploads\/2025\/12\/4lu-son-8931268.jpg\" alt=\"4lu-son-8931268\" \/><\/figure><\/div>\t\t\t<\/div>\n\t\t\t\t\t<\/div>\n\t\t\t\t\t\t<\/div>\n\t\t\t\t<\/div>\n\t\t<div class=\"elementor-element elementor-element-5a0e67c1 e-con-full e-flex e-con e-child\" data-id=\"5a0e67c1\" data-element_type=\"container\" data-settings=\"{&quot;_ha_eqh_enable&quot;:false}\">\n\t\t<div class=\"elementor-element elementor-element-c2e9cbf e-con-full e-flex e-con e-child\" data-id=\"c2e9cbf\" data-element_type=\"container\" data-settings=\"{&quot;_ha_eqh_enable&quot;:false}\">\n\t\t<div class=\"elementor-element elementor-element-59a868fc e-con-full e-flex elementor-invisible e-con e-child\" data-id=\"59a868fc\" data-element_type=\"container\" data-settings=\"{&quot;animation&quot;:&quot;zoomIn&quot;,&quot;_ha_eqh_enable&quot;:false}\">\n\t\t\t\t<div class=\"elementor-element elementor-element-7b0ad202 jkit-equal-height-disable elementor-widget elementor-widget-jkit_icon_box\" data-id=\"7b0ad202\" data-element_type=\"widget\" data-widget_type=\"jkit_icon_box.default\">\n\t\t\t\t\t<div  class=\"jeg-elementor-kit jkit-icon-box icon-position- elementor-animation- jeg_module___69d2651ef123a\" ><div class=\"jkit-icon-box-wrapper hover-from-left\"><div class=\"icon-box icon-box-header elementor-animation-\"><div class=\"icon style-color\"><i aria-hidden=\"true\" class=\"huge huge-recycle-01\"><\/i><\/div><\/div><div class=\"icon-box icon-box-body\">\n                <h2 class=\"title\">Production durable<\/h2>\n            <\/div>\n            \n            <\/div><\/div>\t\t\t\t<\/div>\n\t\t\t\t<\/div>\n\t\t<div class=\"elementor-element elementor-element-7639a9f1 e-con-full e-flex elementor-invisible e-con e-child\" data-id=\"7639a9f1\" data-element_type=\"container\" data-settings=\"{&quot;animation&quot;:&quot;fadeInRight&quot;,&quot;_ha_eqh_enable&quot;:false}\">\n\t\t\t\t<div class=\"elementor-element elementor-element-948df4a jkit-equal-height-disable elementor-widget elementor-widget-jkit_icon_box\" data-id=\"948df4a\" data-element_type=\"widget\" data-widget_type=\"jkit_icon_box.default\">\n\t\t\t\t\t<div  class=\"jeg-elementor-kit jkit-icon-box icon-position- elementor-animation- jeg_module__1_69d2651ef2e6c\" ><div class=\"jkit-icon-box-wrapper hover-from-left\"><div class=\"icon-box icon-box-header elementor-animation-\"><div class=\"icon style-color\"><i aria-hidden=\"true\" class=\"jki jki-diamond11-light\"><\/i><\/div><\/div><div class=\"icon-box icon-box-body\">\n                <h2 class=\"title\">Normes de qualit\u00e9 \u00e9lev\u00e9es<\/h2>\n            <\/div>\n            \n            <\/div><\/div>\t\t\t\t<\/div>\n\t\t\t\t<\/div>\n\t\t\t\t<\/div>\n\t\t<div class=\"elementor-element elementor-element-71f4a8dc e-con-full e-flex e-con e-child\" data-id=\"71f4a8dc\" data-element_type=\"container\" data-settings=\"{&quot;_ha_eqh_enable&quot;:false}\">\n\t\t<div class=\"elementor-element elementor-element-4b3bbe04 e-con-full e-flex elementor-invisible e-con e-child\" data-id=\"4b3bbe04\" data-element_type=\"container\" data-settings=\"{&quot;animation&quot;:&quot;zoomIn&quot;,&quot;_ha_eqh_enable&quot;:false}\">\n\t\t\t\t<div class=\"elementor-element elementor-element-52b492c7 jkit-equal-height-disable elementor-widget elementor-widget-jkit_icon_box\" data-id=\"52b492c7\" data-element_type=\"widget\" data-widget_type=\"jkit_icon_box.default\">\n\t\t\t\t\t<div  class=\"jeg-elementor-kit jkit-icon-box icon-position- elementor-animation- jeg_module__2_69d2651ef3eb3\" ><div class=\"jkit-icon-box-wrapper hover-from-left\"><div class=\"icon-box icon-box-header elementor-animation-\"><div class=\"icon style-color\"><i aria-hidden=\"true\" class=\"jki jki-user-line\"><\/i><\/div><\/div><div class=\"icon-box icon-box-body\">\n                <h2 class=\"title\">\u00c9quipe d'experts<\/h2>\n            <\/div>\n            \n            <\/div><\/div>\t\t\t\t<\/div>\n\t\t\t\t<\/div>\n\t\t<div class=\"elementor-element elementor-element-e482320 e-con-full e-flex elementor-invisible e-con e-child\" data-id=\"e482320\" data-element_type=\"container\" data-settings=\"{&quot;animation&quot;:&quot;fadeInRight&quot;,&quot;_ha_eqh_enable&quot;:false}\">\n\t\t\t\t<div class=\"elementor-element elementor-element-323ab33d jkit-equal-height-disable elementor-widget elementor-widget-jkit_icon_box\" data-id=\"323ab33d\" data-element_type=\"widget\" data-widget_type=\"jkit_icon_box.default\">\n\t\t\t\t\t<div  class=\"jeg-elementor-kit jkit-icon-box icon-position- elementor-animation- jeg_module__3_69d2651f00bcd\" ><div class=\"jkit-icon-box-wrapper hover-from-left\"><div class=\"icon-box icon-box-header elementor-animation-\"><div class=\"icon style-color\"><i aria-hidden=\"true\" class=\"hm hm-plane\"><\/i><\/div><\/div><div class=\"icon-box icon-box-body\">\n                <h2 class=\"title\">Livraison internationale<\/h2>\n            <\/div>\n            \n            <\/div><\/div>\t\t\t\t<\/div>\n\t\t\t\t<\/div>\n\t\t\t\t<\/div>\n\t\t<div class=\"elementor-element elementor-element-7d2df8cd e-con-full e-flex e-con e-child\" data-id=\"7d2df8cd\" data-element_type=\"container\" data-settings=\"{&quot;_ha_eqh_enable&quot;:false}\">\n\t\t<div class=\"elementor-element elementor-element-49cbcf64 e-con-full e-flex elementor-invisible e-con e-child\" data-id=\"49cbcf64\" data-element_type=\"container\" data-settings=\"{&quot;animation&quot;:&quot;zoomIn&quot;,&quot;_ha_eqh_enable&quot;:false}\">\n\t\t\t\t<div class=\"elementor-element elementor-element-2354c787 jkit-equal-height-disable elementor-widget elementor-widget-jkit_icon_box\" data-id=\"2354c787\" data-element_type=\"widget\" data-widget_type=\"jkit_icon_box.default\">\n\t\t\t\t\t<div  class=\"jeg-elementor-kit jkit-icon-box icon-position- elementor-animation- jeg_module__4_69d2651f01a34\" ><div class=\"jkit-icon-box-wrapper hover-from-left\"><div class=\"icon-box icon-box-header elementor-animation-\"><div class=\"icon style-color\"><i aria-hidden=\"true\" class=\"jki jki-certificate-solid\"><\/i><\/div><\/div><div class=\"icon-box icon-box-body\">\n                <h2 class=\"title\">Production certifi\u00e9e<\/h2>\n            <\/div>\n            \n            <\/div><\/div>\t\t\t\t<\/div>\n\t\t\t\t<\/div>\n\t\t<div class=\"elementor-element elementor-element-416c4668 e-con-full e-flex elementor-invisible e-con e-child\" data-id=\"416c4668\" data-element_type=\"container\" data-settings=\"{&quot;animation&quot;:&quot;fadeInRight&quot;,&quot;_ha_eqh_enable&quot;:false}\">\n\t\t\t\t<div class=\"elementor-element elementor-element-cdcfd0a jkit-equal-height-disable elementor-widget elementor-widget-jkit_icon_box\" data-id=\"cdcfd0a\" data-element_type=\"widget\" data-widget_type=\"jkit_icon_box.default\">\n\t\t\t\t\t<div  class=\"jeg-elementor-kit jkit-icon-box icon-position- elementor-animation- jeg_module__5_69d2651f02985\" ><div class=\"jkit-icon-box-wrapper hover-from-left\"><div class=\"icon-box icon-box-header elementor-animation-\"><div class=\"icon style-color\"><i aria-hidden=\"true\" class=\"jki jki-leaf-light\"><\/i><\/div><\/div><div class=\"icon-box icon-box-body\">\n                <h2 class=\"title\">Production respectueuse de l'environnement<\/h2>\n            <\/div>\n            \n            <\/div><\/div>\t\t\t\t<\/div>\n\t\t\t\t<\/div>\n\t\t\t\t<\/div>\n\t\t\t\t<\/div>\n\t\t\t\t<\/div>\n\t\t\t\t\t<\/div>\n\t\t\t\t<\/div>\n\t\t<div class=\"elementor-element elementor-element-5c8ca99 e-flex e-con-boxed e-con e-parent\" data-id=\"5c8ca99\" data-element_type=\"container\" data-settings=\"{&quot;_ha_eqh_enable&quot;:false}\">\n\t\t\t\t\t<div class=\"e-con-inner\">\n\t\t\t\t<div class=\"elementor-element elementor-element-fd6d640 elementor-widget__width-initial elementor-widget elementor-widget-text-editor\" data-id=\"fd6d640\" data-element_type=\"widget\" data-widget_type=\"text-editor.default\">\n\t\t\t\t\t\t\t\t\t<p><strong>Technologie de traitement et de cong\u00e9lation avanc\u00e9e<\/strong><\/p><p>Les syst\u00e8mes automatis\u00e9s de filetage, de conditionnement et de cong\u00e9lation utilis\u00e9s dans nos installations sont conformes aux normes internationales de s\u00e9curit\u00e9 alimentaire. Chaque \u00e9tape de la production respecte les certifications ISO 9001:2015, ISO 22000, BRC et IFS. Les proc\u00e9d\u00e9s de cong\u00e9lation sont r\u00e9alis\u00e9s de mani\u00e8re \u00e0 pr\u00e9server la structure cellulaire du produit sans l&#8217;alt\u00e9rer, garantissant ainsi une fra\u00eecheur et une valeur nutritionnelle optimales.   <\/p><p><strong>R\u00e9seau mondial de transport<\/strong><\/p><p>Le syst\u00e8me logistique du Groupe Sagun, bas\u00e9 sur la cha\u00eene du froid, permet de livrer les produits aux clients du monde entier dans un d\u00e9lai de 24 \u00e0 48 heures apr\u00e8s la r\u00e9colte. Tout au long de ce processus, des conteneurs frigorifiques sp\u00e9cialement con\u00e7us et des v\u00e9hicules de transport terrestre \u00e0 temp\u00e9rature contr\u00f4l\u00e9e sont utilis\u00e9s afin de garantir une fra\u00eecheur, une qualit\u00e9 et une s\u00e9curit\u00e9 optimales.  <\/p><p><strong>La qualit\u00e9 de la mer au monde<\/strong><\/p><p>Les activit\u00e9s de transformation et de transport de Sagun constituent non seulement un cycle de production, mais aussi une cha\u00eene d&#8217;excellence qui incarne le prestige des produits de la mer turcs sur les march\u00e9s internationaux. Guid\u00e9e par sa devise \u00ab De la mer au monde entier \u2013 Fra\u00eecheur garantie \u00bb, l&#8217;entreprise exporte vers plus de 45 pays.  <\/p><ul><li>Si\u00e8ge social \u00e0 Istanbul : Le centre o\u00f9 sont effectu\u00e9s les processus de gestion, de finance, de commerce ext\u00e9rieur et de coordination g\u00e9n\u00e9rale.<\/li><li>Usine de transformation du poisson d&#8217;Istanbul : Les op\u00e9rations de transformation et de cong\u00e9lation destin\u00e9es aux march\u00e9s nationaux et d&#8217;exportation sont r\u00e9alis\u00e9es ici.<\/li><li>Installations de transformation de Tekirda\u011f et d&#8217;\u0130psala : Fournissent des services de transformation du poisson et d&#8217;entreposage frigorifique de haute hygi\u00e8ne adapt\u00e9s aux op\u00e9rations nationales et d&#8217;exportation.<\/li><li>Usine d&#8217;aliments pour poissons d&#8217;Ayd\u0131n Biomar-Sagun : Produit des aliments pour poissons en collaboration avec le groupe danois Biomar et les distribue aux fermes aquacoles \u00e0 travers la Turquie.<\/li><li>Installations de Tokat, Karaca\u00f6ren, Kayseri, K\u0131r\u015fehir et Elaz\u0131\u011f : Unit\u00e9s d\u2019\u00e9levage et de transformation de truites et de truites arc-en-ciel ; r\u00e9seaux logistiques op\u00e9rant depuis ces r\u00e9gions.<\/li><li>Site d&#8217;Antalya : Pratique l&#8217;\u00e9levage de daurades et de bars, ainsi que les op\u00e9rations de transformation, de cong\u00e9lation, d&#8217;emballage et de stockage.<\/li><li>Installation d&#8217;Izmir-Urla : Elle abrite des installations d&#8217;\u00e9levage et de transformation avanc\u00e9e pour la daurade, le bar et le thon rouge, tout en servant de plateforme d&#8217;exp\u00e9dition.<\/li><li>Installation de Sinop : un centre de stockage strat\u00e9gique soutenant les activit\u00e9s de p\u00eache et de transformation avanc\u00e9e en mer Noire ; elle abrite \u00e9galement des installations d\u2019\u00e9levage et de transformation du saumon turc.<\/li><li>Site d&#8217;Adana : R\u00e9alise des op\u00e9rations de transformation et de cha\u00eene du froid pour les r\u00e9gions d&#8217;Anatolie centrale et de M\u00e9diterran\u00e9e.<\/li><li>Installations de Tunceli, Erzurum, Artvin, Burdur et Van : Elles comprennent des unit\u00e9s d\u2019\u00e9levage et de transformation de truites et de truites arc-en-ciel ; des r\u00e9seaux logistiques permettent la distribution \u00e0 partir de ces r\u00e9gions.<\/li><\/ul><p> La structure logistique multicentrique du Groupe Sagun garantit la fra\u00eecheur et la qualit\u00e9 des produits tout au long du parcours, de la mer \u00e0 l&#8217;assiette. L&#8217;ensemble des processus de production et de stockage de chaque site est g\u00e9r\u00e9 conform\u00e9ment aux normes internationales (BRC, IFS, ISO 9001, ISO 22000, GlobalG.A.P.).  <\/p>\t\t\t\t\t\t\t\t<\/div>\n\t\t\t\t\t<\/div>\n\t\t\t\t<\/div>\n\t\t\t\t<\/div>\n\t\t","protected":false},"excerpt":{"rendered":"<p>ENTREPOSAGE FROIDIQUE, TRANSFORMATION ALIMENTAIRE ET LOGISTIQUE Entreposage frigorifique, transformation alimentaire et logistique L\u2019infrastructure logistique et de stockage du groupe Sagun comprend 18 installations modernes r\u00e9parties dans 6 r\u00e9gions de Turquie. Chaque installation joue un r\u00f4le essentiel \u00e0 diff\u00e9rentes \u00e9tapes de la cha\u00eene d\u2019approvisionnement, garantissant ainsi que les produits parviennent sur les march\u00e9s mondiaux dans leur [&hellip;]<\/p>\n","protected":false},"author":1,"featured_media":0,"parent":0,"menu_order":0,"comment_status":"closed","ping_status":"closed","template":"elementor_header_footer","meta":{"footnotes":""},"class_list":["post-3994","page","type-page","status-publish","hentry"],"_links":{"self":[{"href":"https:\/\/windmedya.net\/sagun\/index.php\/wp-json\/wp\/v2\/pages\/3994","targetHints":{"allow":["GET"]}}],"collection":[{"href":"https:\/\/windmedya.net\/sagun\/index.php\/wp-json\/wp\/v2\/pages"}],"about":[{"href":"https:\/\/windmedya.net\/sagun\/index.php\/wp-json\/wp\/v2\/types\/page"}],"author":[{"embeddable":true,"href":"https:\/\/windmedya.net\/sagun\/index.php\/wp-json\/wp\/v2\/users\/1"}],"replies":[{"embeddable":true,"href":"https:\/\/windmedya.net\/sagun\/index.php\/wp-json\/wp\/v2\/comments?post=3994"}],"version-history":[{"count":4,"href":"https:\/\/windmedya.net\/sagun\/index.php\/wp-json\/wp\/v2\/pages\/3994\/revisions"}],"predecessor-version":[{"id":5510,"href":"https:\/\/windmedya.net\/sagun\/index.php\/wp-json\/wp\/v2\/pages\/3994\/revisions\/5510"}],"wp:attachment":[{"href":"https:\/\/windmedya.net\/sagun\/index.php\/wp-json\/wp\/v2\/media?parent=3994"}],"curies":[{"name":"wp","href":"https:\/\/api.w.org\/{rel}","templated":true}]}}