{"id":3981,"date":"2025-10-21T22:03:15","date_gmt":"2025-10-21T22:03:15","guid":{"rendered":"https:\/\/windmedya.net\/sagun\/index.php\/biomar-sagun\/"},"modified":"2025-12-29T17:16:38","modified_gmt":"2025-12-29T17:16:38","slug":"biomar-sagun","status":"publish","type":"page","link":"https:\/\/windmedya.net\/sagun\/index.php\/biomar-sagun\/?lang=fr","title":{"rendered":"Biomar &#8211; Sagun"},"content":{"rendered":"\t\t<div data-elementor-type=\"wp-page\" data-elementor-id=\"3981\" class=\"elementor elementor-3981 elementor-2133\" data-elementor-settings=\"{&quot;ha_cmc_init_switcher&quot;:&quot;no&quot;}\" data-elementor-post-type=\"page\">\n\t\t\t\t<div class=\"elementor-element elementor-element-5d8388d4 e-flex e-con-boxed e-con e-parent\" data-id=\"5d8388d4\" data-element_type=\"container\" data-settings=\"{&quot;background_background&quot;:&quot;classic&quot;,&quot;_ha_eqh_enable&quot;:false}\">\n\t\t\t\t\t<div class=\"e-con-inner\">\n\t\t<div class=\"elementor-element elementor-element-58ab2f46 e-con-full e-flex e-con e-child\" data-id=\"58ab2f46\" data-element_type=\"container\" data-settings=\"{&quot;_ha_eqh_enable&quot;:false}\">\n\t\t\t\t<div class=\"elementor-element elementor-element-7afd457 elementor-invisible elementor-widget elementor-widget-image\" data-id=\"7afd457\" data-element_type=\"widget\" data-settings=\"{&quot;_animation&quot;:&quot;fadeIn&quot;}\" data-widget_type=\"image.default\">\n\t\t\t\t\t\t\t\t\t\t\t\t\t\t\t<img fetchpriority=\"high\" decoding=\"async\" width=\"300\" height=\"308\" src=\"https:\/\/windmedya.net\/sagun\/wp-content\/uploads\/2025\/12\/biomar-sagun-new-919521.png\" class=\"attachment-full size-full wp-image-3980\" alt=\"\" srcset=\"https:\/\/windmedya.net\/sagun\/wp-content\/uploads\/2025\/12\/biomar-sagun-new-919521.png 300w, https:\/\/windmedya.net\/sagun\/wp-content\/uploads\/2025\/12\/biomar-sagun-new-919521-292x300.png 292w\" sizes=\"(max-width: 300px) 100vw, 300px\" \/>\t\t\t\t\t\t\t\t\t\t\t\t\t\t\t<\/div>\n\t\t\t\t<\/div>\n\t\t\t\t\t<\/div>\n\t\t\t\t<\/div>\n\t\t<div class=\"elementor-element elementor-element-81d4cf2 e-flex e-con-boxed e-con e-parent\" data-id=\"81d4cf2\" data-element_type=\"container\" data-settings=\"{&quot;_ha_eqh_enable&quot;:false}\">\n\t\t\t\t\t<div class=\"e-con-inner\">\n\t\t\t\t<div class=\"elementor-element elementor-element-c25f2cf elementor-widget elementor-widget-heading\" data-id=\"c25f2cf\" data-element_type=\"widget\" data-widget_type=\"heading.default\">\n\t\t\t\t\t<h2 class=\"elementor-heading-title elementor-size-default\">BIOMAR \u2013 SAGUN<\/h2>\t\t\t\t<\/div>\n\t\t\t\t<div class=\"elementor-element elementor-element-0e3899f elementor-widget__width-initial elementor-widget elementor-widget-text-editor\" data-id=\"0e3899f\" data-element_type=\"widget\" data-widget_type=\"text-editor.default\">\n\t\t\t\t\t\t\t\t\t<p>Le groupe BioMar Danemark (50 %) et le groupe Sagun Turquie (50 %) ont cr\u00e9\u00e9 une coentreprise sous le nom de BioMar-Sagun. Cette soci\u00e9t\u00e9 a \u00e9t\u00e9 fond\u00e9e pour produire des aliments pour poissons haute performance et soutenir les pisciculteurs turcs.<br>BioMar-Sagun exploite son usine d&#8217;aliments pour poissons situ\u00e9e dans la zone industrielle organis\u00e9e de S\u00f6ke, o\u00f9 elle produit des aliments \u00e0 haute valeur \u00e9nerg\u00e9tique et hautement digestibles, sp\u00e9cialement con\u00e7us pour les aquaculteurs turcs.<br>Pour plus d&#8217;informations, veuillez consulter le site :<a href=\"https:\/\/biomar-sagun.com.tr\/tr\/turkey\/\"> https:\/\/biomar-sagun.com.tr\/tr\/turkey\/<\/a>.    <\/p>\t\t\t\t\t\t\t\t<\/div>\n\t\t\t\t\t<\/div>\n\t\t\t\t<\/div>\n\t\t<div class=\"elementor-element elementor-element-b16740a e-con-full e-flex e-con e-parent\" data-id=\"b16740a\" data-element_type=\"container\" data-settings=\"{&quot;_ha_eqh_enable&quot;:false}\">\n\t\t\t\t<div class=\"elementor-element elementor-element-6027459 elementor-widget elementor-widget-google_maps\" data-id=\"6027459\" data-element_type=\"widget\" data-widget_type=\"google_maps.default\">\n\t\t\t\t\t\t\t<div class=\"elementor-custom-embed\">\n\t\t\t<iframe loading=\"lazy\"\n\t\t\t\t\tsrc=\"https:\/\/maps.google.com\/maps?q=S%C3%B6ke%20OSB%201.%20Cadde%20No%3A%2027%2009200%20Ayd%C4%B1n&#038;t=m&#038;z=14&#038;output=embed&#038;iwloc=near\"\n\t\t\t\t\ttitle=\"S\u00f6ke OSB 1. Cadde No: 27 09200 Ayd\u0131n\"\n\t\t\t\t\taria-label=\"S\u00f6ke OSB 1. Cadde No: 27 09200 Ayd\u0131n\"\n\t\t\t><\/iframe>\n\t\t<\/div>\n\t\t\t\t\t\t<\/div>\n\t\t\t\t<\/div>\n\t\t\t\t<\/div>\n\t\t","protected":false},"excerpt":{"rendered":"<p>BIOMAR \u2013 SAGUN Le groupe BioMar Danemark (50 %) et le groupe Sagun Turquie (50 %) ont cr\u00e9\u00e9 une coentreprise sous le nom de BioMar-Sagun. Cette soci\u00e9t\u00e9 a \u00e9t\u00e9 fond\u00e9e pour produire des aliments pour poissons haute performance et soutenir les pisciculteurs turcs.BioMar-Sagun exploite son usine d&#8217;aliments pour poissons situ\u00e9e dans la zone industrielle organis\u00e9e [&hellip;]<\/p>\n","protected":false},"author":1,"featured_media":0,"parent":0,"menu_order":0,"comment_status":"closed","ping_status":"closed","template":"elementor_header_footer","meta":{"footnotes":""},"class_list":["post-3981","page","type-page","status-publish","hentry"],"_links":{"self":[{"href":"https:\/\/windmedya.net\/sagun\/index.php\/wp-json\/wp\/v2\/pages\/3981","targetHints":{"allow":["GET"]}}],"collection":[{"href":"https:\/\/windmedya.net\/sagun\/index.php\/wp-json\/wp\/v2\/pages"}],"about":[{"href":"https:\/\/windmedya.net\/sagun\/index.php\/wp-json\/wp\/v2\/types\/page"}],"author":[{"embeddable":true,"href":"https:\/\/windmedya.net\/sagun\/index.php\/wp-json\/wp\/v2\/users\/1"}],"replies":[{"embeddable":true,"href":"https:\/\/windmedya.net\/sagun\/index.php\/wp-json\/wp\/v2\/comments?post=3981"}],"version-history":[{"count":1,"href":"https:\/\/windmedya.net\/sagun\/index.php\/wp-json\/wp\/v2\/pages\/3981\/revisions"}],"predecessor-version":[{"id":3982,"href":"https:\/\/windmedya.net\/sagun\/index.php\/wp-json\/wp\/v2\/pages\/3981\/revisions\/3982"}],"wp:attachment":[{"href":"https:\/\/windmedya.net\/sagun\/index.php\/wp-json\/wp\/v2\/media?parent=3981"}],"curies":[{"name":"wp","href":"https:\/\/api.w.org\/{rel}","templated":true}]}}