{"id":1472,"date":"2025-11-14T09:41:46","date_gmt":"2025-11-14T09:41:46","guid":{"rendered":"https:\/\/windmedya.net\/sagun\/?page_id=1472"},"modified":"2025-12-18T10:19:51","modified_gmt":"2025-12-18T10:19:51","slug":"kisisel-verilerin-korunmasi-kanunu-ve-aydinlatma-metni","status":"publish","type":"page","link":"https:\/\/windmedya.net\/sagun\/index.php\/kisisel-verilerin-korunmasi-kanunu-ve-aydinlatma-metni\/","title":{"rendered":"Ki\u015fisel Verilerin Korunmas\u0131 Kanunu ve Ayd\u0131nlatma Metni"},"content":{"rendered":"\t\t<div data-elementor-type=\"wp-page\" data-elementor-id=\"1472\" class=\"elementor elementor-1472\" data-elementor-settings=\"{&quot;ha_cmc_init_switcher&quot;:&quot;no&quot;}\" data-elementor-post-type=\"page\">\n\t\t\t\t<div class=\"elementor-element elementor-element-e794d79 e-flex e-con-boxed e-con e-parent\" data-id=\"e794d79\" data-element_type=\"container\" data-settings=\"{&quot;background_background&quot;:&quot;classic&quot;,&quot;_ha_eqh_enable&quot;:false}\">\n\t\t\t\t\t<div class=\"e-con-inner\">\n\t\t<div class=\"elementor-element elementor-element-28ec54b e-con-full e-flex e-con e-child\" data-id=\"28ec54b\" data-element_type=\"container\" data-settings=\"{&quot;_ha_eqh_enable&quot;:false}\">\n\t\t\t\t<div class=\"elementor-element elementor-element-c0bbba1 elementor-widget elementor-widget-heading\" data-id=\"c0bbba1\" data-element_type=\"widget\" data-widget_type=\"heading.default\">\n\t\t\t\t\t<h2 class=\"elementor-heading-title elementor-size-default\">K\u0130\u015e\u0130SEL VER\u0130LER\u0130N KORUNMASI KANUNU VE AYDINLATMA METN\u0130<\/h2>\t\t\t\t<\/div>\n\t\t\t\t<\/div>\n\t\t\t\t\t<\/div>\n\t\t\t\t<\/div>\n\t\t<div class=\"elementor-element elementor-element-76d15ad e-flex e-con-boxed e-con e-parent\" data-id=\"76d15ad\" data-element_type=\"container\" data-settings=\"{&quot;_ha_eqh_enable&quot;:false}\">\n\t\t\t\t\t<div class=\"e-con-inner\">\n\t\t\t\t<div class=\"elementor-element elementor-element-b445729 elementor-widget__width-initial elementor-widget elementor-widget-text-editor\" data-id=\"b445729\" data-element_type=\"widget\" data-widget_type=\"text-editor.default\">\n\t\t\t\t\t\t\t\t\t<p><strong>K\u0130\u015e\u0130SEL VER\u0130LER\u0130N KORUNMASI KANUNU UYARINCA AYDINLATMA METN\u0130<\/strong><\/p><p>GROUP SAGUN VE BA\u011eLI \u015e\u0130RKETLER\u0130M\u0130Z (Kemal Bal\u0131k\u00e7\u0131l\u0131k \u0130hracat Ltd. \u015eti, Tsm Deniz \u00dcr\u00fcnleri Sanayi ve Ticaret A.\u015e, Marines G\u0131da \u00dcr\u00fcnleri Sanayi ve Ticaret A.\u015e, Merlion Deniz \u00dcr\u00fcnleri Sanayi ve Ticaret A.\u015e, Sagun Aqua K\u00fclt\u00fcr Bal\u0131k\u00e7\u0131l\u0131k Sanayi ve Ticaret A.\u015e, Sagun Su \u00dcr\u00fcnleri Ltd. \u015eti, Antalya Bal\u0131k Turizm G\u0131da Ta\u015f\u0131mac\u0131l\u0131k \u0130n\u015faat Sanayi ve Ticaret A.\u015e., Sagun Marine Denizcilik Ve Gemi \u0130\u015fletmecili\u011fi A.\u015e., Biomar Sagun Yem Sanayi Ticaret A.\u015e.) taraf\u0131ndan gizlili\u011finize sayg\u0131 duyulmakta ve veri g\u00fcvenli\u011finizin sa\u011flanmas\u0131na azami d\u00fczeyde \u00f6nem verilmektedir. Bu kapsamda, \u00f6zel hayat\u0131n gizlili\u011fi ba\u015fta olmak \u00fczere ki\u015filerin temel hak ve \u00f6zg\u00fcrl\u00fcklerini korumak\u00a0ve ki\u015fisel verilerin korunmas\u0131 amac\u0131yla d\u00fczenlenen\u00a0 6698 say\u0131l\u0131 Ki\u015fisel Verilerin Korunmas\u0131 Kanunu ve ilgili di\u011fer mevzuatlar d\u00e2hilinde m\u00fc\u015fteri, tedarik\u00e7i, \u00e7al\u0131\u015fan ve ziyaret\u00e7ilerimiz ba\u015fta olmak \u00fczere sizlerin ki\u015fisel verilerinizin i\u015flenmesine ili\u015fkin a\u00e7\u0131klamalarda bulunmak, bilgilendirmek\u00a0 ve ayd\u0131nlatmak amac\u0131yla i\u015fbu metin haz\u0131rlanm\u0131\u015ft\u0131r.<\/p><p>\u015eirketimiz ile payla\u015ft\u0131\u011f\u0131n\u0131z ki\u015fisel verilerinizin i\u015flenmesine ili\u015fkin daha detayl\u0131 bilgiye ana sayfam\u0131z \u00fczerinde yer alan Group Sagun Ki\u015fisel Verilerin Korunmas\u0131 ve Gizlilik Politikas\u0131\u2019ndan (KVK) eri\u015febilirsiniz.<\/p><p><strong>1.B\u0130LG\u0130LEND\u0130RME\u00a0<\/strong><\/p><p>6698 Say\u0131l\u0131 Ki\u015fisel Verilerin Korunmas\u0131 Kanunu 24 Mart 2016 tarihinde kabul edilmi\u015f olup, 7 Nisan 2016 tarihinde Resmi Gazete\u2019de yay\u0131mlanarak y\u00fcr\u00fcrl\u00fc\u011fe girmi\u015ftir. Bununla birlikte, Kanun\u2019un Y\u00fcr\u00fcrl\u00fck ba\u015fl\u0131kl\u0131 32.maddesine g\u00f6re, bu Kanunun; 8 inci, 9 uncu, 11 inci, 13 \u00fcnc\u00fc, 14 \u00fcnc\u00fc, 15 inci, 16 nc\u0131, 17 nci ve 18 inci maddeleri 7 Ekim 2016 tarihi itibari ile y\u00fcr\u00fcrl\u00fck kazanm\u0131\u015ft\u0131r.<\/p><p>Kanun; Ki\u015fisel verilerin i\u015flenmesinde ba\u015fta \u00f6zel hayat\u0131n gizlili\u011fi olmak \u00fczere ki\u015filerin temel hak ve \u00f6zg\u00fcrl\u00fcklerini korumak ve ki\u015fisel verileri i\u015fleyen ger\u00e7ek ve t\u00fczel ki\u015filerin y\u00fck\u00fcml\u00fcl\u00fckleri ile uyacaklar\u0131 usul ve esaslar\u0131 d\u00fczenlemek amac\u0131yla kabul edilmi\u015ftir. Bu nedenle, bu metin ile Kanun\u2019dan do\u011fan ayd\u0131nlatma y\u00fck\u00fcml\u00fcl\u00fc\u011f\u00fcn\u00fcn yerine getirilmek \u00fczere a\u00e7\u0131klanmakta ve \u201cKi\u015fisel Verilerin Korunmas\u0131 ve Ki\u015fisel Veri Payla\u015f\u0131m \u0130zni\u201d ziyaret\u00e7ilerin bilgi ve incelemesine sunulmaktad\u0131r.<\/p><p><strong>2.VER\u0130 SORUMLUSU<\/strong><\/p><p>6698 say\u0131l\u0131 Ki\u015fisel Verilerin Korunmas\u0131 Kanunu uyar\u0131nca, ki\u015fisel verileriniz; \u2018\u2019Veri Sorumlusu\u2019\u2019 olarak GROUP SAGUN VE BA\u011eLI \u015e\u0130RKETLER\u0130M\u0130Z (Kemal Bal\u0131k\u00e7\u0131l\u0131k \u0130hracat Ltd. \u015eti, Tsm Deniz \u00dcr\u00fcnleri Sanayi ve Ticaret A.\u015e, Marines G\u0131da \u00dcr\u00fcnleri Sanayi ve Ticaret A.\u015e, Merlion Deniz \u00dcr\u00fcnleri Sanayi ve Ticaret A.\u015e, Sagun Aqua K\u00fclt\u00fcr Bal\u0131k\u00e7\u0131l\u0131k Sanayi ve Ticaret A.\u015e, Sagun Su \u00dcr\u00fcnleri Ltd. \u015eti, Antalya Bal\u0131k Turizm G\u0131da Ta\u015f\u0131mac\u0131l\u0131k \u0130n\u015faat Sanayi ve Ticaret A.\u015e., Sagun Marine Denizcilik Ve Gemi \u0130\u015fletmecili\u011fi A.\u015e., Biomar Sagun Yem Sanayi Ticaret A.\u015e.) taraf\u0131ndan a\u015fa\u011f\u0131da a\u00e7\u0131klanan kapsamda i\u015flenebilecektir. \u201cKi\u015fisel Verilerinizin \u0130\u015flenmesi\u201d ise bu verilerin elde edilmesi, kaydedilmesi, depolanmas\u0131, muhafaza edilmesi, de\u011fi\u015ftirilmesi, yeniden d\u00fczenlenmesi, a\u00e7\u0131klanmas\u0131, aktar\u0131lmas\u0131, devral\u0131nmas\u0131, elde edilebilir hale getirilmesi, s\u0131n\u0131fland\u0131r\u0131lmas\u0131 ya da kullan\u0131lmas\u0131n\u0131n engellenmesi gibi veriler \u00fczerinde ger\u00e7ekle\u015ftirilen her t\u00fcrl\u00fc i\u015flemi ifade etmektedir.<\/p><p>Group Sagun, bu sitedeki formlar arac\u0131l\u0131\u011f\u0131yla sunulan isminiz, elektronik posta adresiniz, i\u015f ve ev adresiniz, telefon numaran\u0131z ve sair ki\u015fisel verilerinizi \u00fc\u00e7\u00fcnc\u00fc ki\u015filere satmayaca\u011f\u0131n\u0131, kiralamayaca\u011f\u0131n\u0131 veya hi\u00e7bir \u015fekilde kulland\u0131rmayaca\u011f\u0131n\u0131 kabul, beyan ve taahh\u00fct eder.<\/p><p><strong>3.K\u0130\u015e\u0130SEL VER\u0130LER\u0130 \u0130\u015eLEME AMACI<\/strong><\/p><p>Ki\u015fisel verileriniz, \u015eirketimiz taraf\u0131ndan sunulan hizmet ve \u00fcr\u00fcnlerden ilgili ki\u015fileri faydaland\u0131rmak i\u00e7in gerekli \u00e7al\u0131\u015fmalar\u0131n i\u015f birimleri taraf\u0131ndan yap\u0131lmas\u0131 ve ilgili i\u015f s\u00fcre\u00e7lerinin y\u00fcr\u00fct\u00fclmesi, y\u00fcr\u00fct\u00fclen ticari faaliyetlerin ger\u00e7ekle\u015ftirilmesi i\u00e7in ilgili i\u015f birimleri taraf\u0131ndan gerekli \u00e7al\u0131\u015fmalar\u0131n yap\u0131lmas\u0131 ve buna ba\u011fl\u0131 i\u015f s\u00fcre\u00e7lerinin y\u00fcr\u00fct\u00fclmesi, ticari ve\/veya i\u015f stratejilerinin planlanmas\u0131 ve icras\u0131, \u015eirketimiz\u2019in veya \u015eirketimiz ile i\u015f ili\u015fkisi i\u00e7erisinde olan ilgili ki\u015filerin hukuki, teknik ve ticari i\u015f g\u00fcvenli\u011finin temini, web-sitemiz \u00fczerinden \u00fcyelik kayd\u0131 olu\u015fturabilmesi ve \u00fcyelik olu\u015fturulmas\u0131 esnas\u0131nda kimlik do\u011frulamas\u0131 yap\u0131labilmesi, web-sitemiz\u2019de sunulan hizmetlerin sa\u011flanmas\u0131 ve iyile\u015ftirilmesi, uygun yaz\u0131l\u0131m s\u00fcr\u00fcm\u00fcn\u00fcn geli\u015ftirilebilmesi ile web-sitemiz\u2019den iletti\u011finiz ileti\u015fim taleplerine yan\u0131t verilmesi ve web-sitemiz kapsam\u0131nda sunulan hizmetlerin do\u011fas\u0131ndan kaynaklanan y\u00fck\u00fcml\u00fcl\u00fcklerin yerine getirilmesi amac\u0131yla Kanun\u2019un 5. ve 6. Maddeleri uyar\u0131nca i\u015flenmektedir.<\/p><p><strong>4.K\u0130\u015e\u0130SEL VER\u0130LER\u0130N \u0130\u015eLENMES\u0130NDE TEMEL \u0130LKELER<\/strong><\/p><p>\u015eirketimiz, ki\u015fisel verilerin korunmas\u0131 ve i\u015flenmesiyle ilgili olarak mevzuatta yer verilen genel ilkeler ile \u015fartlar\u0131 kar\u015f\u0131lar ve ki\u015fisel verilerin Anayasa\u2019ya ve KVKK\u2019na uygun olarak i\u015flenmesini sa\u011flamak amac\u0131yla a\u015fa\u011f\u0131da s\u0131ralanan ilkelere uygun hareket eder.<\/p><p><strong>4.1.Ki\u015fisel Verilerin \u0130\u015flenmesinin Kural Olarak Yasak Olmas\u0131<\/strong><\/p><p>\u015eirketimiz, ki\u015fisel verilerin i\u015flenmesinin kural olarak yasak oldu\u011funun bilinciyle yaln\u0131zca mevzuat taraf\u0131ndan \u00f6ng\u00f6r\u00fclen s\u0131n\u0131rlar d\u00e2hilinde, a\u015fa\u011f\u0131daki sebeplere dayanarak i\u015flemektedir:<\/p><ul><li><strong>Ki\u015fisel Veri Sahibinin A\u00e7\u0131k R\u0131zas\u0131n\u0131n Bulunmas\u0131<\/strong><\/li><\/ul><p>Ki\u015fisel verilerin i\u015flenme \u015fartlar\u0131ndan biri veri sahibinin a\u00e7\u0131k r\u0131zas\u0131d\u0131r. Ki\u015fisel veri sahibinin a\u00e7\u0131k r\u0131zas\u0131 belirli bir konuya ili\u015fkin, bilgilendirilmeye dayal\u0131\u00a0 olarak ve \u00f6zg\u00fcr iradeyle a\u00e7\u0131klanmal\u0131d\u0131r. Veri, sahibinin a\u00e7\u0131k r\u0131zas\u0131 kapsam\u0131nda ve a\u00e7\u0131k r\u0131zada belirtilen ama\u00e7larla i\u015flenir. Kural olarak, a\u015fa\u011f\u0131daki di\u011fer \u015fartlar\u0131n varl\u0131\u011f\u0131 halinde veri sahibinin ayr\u0131ca a\u00e7\u0131k r\u0131zas\u0131n\u0131n al\u0131nmas\u0131na gerek bulunmamaktad\u0131r.<\/p><ul><li><strong>Kanunlarda A\u00e7\u0131k\u00e7a \u00d6ng\u00f6r\u00fclmesi<\/strong><\/li><\/ul><p>Kanunda a\u00e7\u0131k\u00e7a \u00f6ng\u00f6r\u00fclmesi halinde, veri sahibinin ki\u015fisel verileri, hukuka uygun olarak i\u015flenir. Kanunlarda veri i\u015flemeye izin verilen hallerde, ilgili kanunda yer alan sebep ve veri kategorileri ile s\u0131n\u0131rl\u0131 olarak veri i\u015flenir.<\/p><ul><li><strong>Fiili \u0130mk\u00e2ns\u0131zl\u0131k Sebebiyle \u0130lgilinin A\u00e7\u0131k R\u0131zas\u0131n\u0131n Al\u0131namamas\u0131<\/strong><\/li><\/ul><p>Fiili imk\u00e2ns\u0131zl\u0131k nedeniyle r\u0131zas\u0131n\u0131 a\u00e7\u0131klayamayacak durumda olan veya r\u0131zas\u0131na ge\u00e7erlilik tan\u0131namayacak olan ki\u015finin kendisinin ya da ba\u015fka bir ki\u015finin hayat\u0131 veya beden b\u00fct\u00fcnl\u00fc\u011f\u00fcn\u00fc korumak i\u00e7in ki\u015fisel verisinin i\u015flenmesinin zorunlu olmas\u0131 halinde veri sahibinin ki\u015fisel verileri i\u015flenebilir.<\/p><ul><li><strong>S\u00f6zle\u015fmenin Kurulmas\u0131 veya \u0130fas\u0131yla Do\u011frudan \u0130lgi Olmas\u0131<\/strong><\/li><\/ul><p>Bir s\u00f6zle\u015fmenin kurulmas\u0131 veya ifas\u0131yla do\u011frudan do\u011fruya ilgili olmas\u0131 kayd\u0131yla, s\u00f6zle\u015fmenin taraflar\u0131na ait ki\u015fisel verilerin i\u015flenmesinin gerekli olmas\u0131 halinde (s\u00f6zle\u015fmenin kurulmas\u0131 veya ifas\u0131na dayal\u0131 olarak verisi i\u015flenecek ki\u015finin s\u00f6zle\u015fmenin taraflar\u0131ndan birisi olmas\u0131 ko\u015fuluyla) ki\u015fisel veriler i\u015flenebilir.<\/p><ul><li><strong>Hukuki Y\u00fck\u00fcml\u00fcl\u00fc\u011f\u00fcn Yerine Getirilmesi<\/strong><\/li><\/ul><p>\u015eirketimiz\u2019\u0131n hukuki y\u00fck\u00fcml\u00fcl\u00fcklerini yerine getirmesi i\u00e7in veri i\u015flemenin zorunlu olmas\u0131 hallerinde, veri sahibinin ki\u015fisel verilerini i\u015fleyebilir.<\/p><ul><li><strong>Ki\u015fisel Veri Sahibinin Ki\u015fisel Verisini Alenile\u015ftirmesi<\/strong><\/li><\/ul><p>Veri sahibinin ki\u015fisel verisinin, kendisi taraf\u0131ndan alenile\u015ftirilmi\u015f olmas\u0131 halinde, alenile\u015ftirme amac\u0131 ile s\u0131n\u0131rl\u0131 olarak, ilgili ki\u015fisel veriler i\u015flenebilir.<\/p><p>\u00a0<\/p><p>\u00a0<\/p><ul><li><strong>Bir Hakk\u0131n Tesisi veya Korunmas\u0131 i\u00e7in Veri \u0130\u015flemenin Zorunlu Olmas\u0131<\/strong><\/li><\/ul><p>Bir hakk\u0131n tesisi, kullan\u0131lmas\u0131 veya korunmas\u0131 i\u00e7in veri i\u015flemenin zorunlu olmas\u0131 halinde veri sahibinin ki\u015fisel verileri i\u015flenebilecektir.<\/p><ul><li><strong>Me\u015fru Menfaatler Nedeniyle Veri \u0130\u015flemenin Zorunlu Olmas\u0131<\/strong><\/li><\/ul><p>Ki\u015fisel veri sahibinin temel hak ve \u00f6zg\u00fcrl\u00fcklerine zarar vermemek kayd\u0131yla \u015eirketimiz\u2019\u0131n me\u015fru menfaatleri i\u00e7in veri i\u015flemenin zorunlu olmas\u0131 halinde veri sahibinin ki\u015fisel verileri i\u015flenebilir.<\/p><p>\u0130\u015flenen verilerin KVKK\u2019da tan\u0131mland\u0131\u011f\u0131 \u015fekilde \u00f6zel nitelikli ki\u015fisel veri olmas\u0131 halinde; ki\u015fisel veri sahibinin a\u00e7\u0131k r\u0131zas\u0131 da yok ise, ki\u015fisel veri ancak Kurul taraf\u0131ndan belirlenecek olan yeterli \u00f6nlemlerin al\u0131nmas\u0131 kayd\u0131yla, a\u015fa\u011f\u0131daki durumlarda i\u015flenebilir:<\/p><p><strong>4.2. Hukuka Ve D\u00fcr\u00fcstl\u00fck Kural\u0131na Uygunluk<\/strong><\/p><p>\u015eirketimiz, KVKK\u2019n\u0131n 4.maddesi uyar\u0131nca ki\u015fisel verileri hukuka ve d\u00fcr\u00fcstl\u00fck kural\u0131na uygun olarak i\u015fler, \u201chakl\u0131 menfaat\u201d g\u00f6zeterek \u00e7at\u0131\u015fan menfaatleri dengelemeyi ama\u00e7lar. Bilgilendirmede, a\u00e7\u0131kl\u0131k ve d\u00fcr\u00fcstl\u00fck esas al\u0131n\u0131r, toplanan ki\u015fisel verilerin kullan\u0131m amac\u0131 hakk\u0131nda net bilgi verilir ve veriler bu \u00e7er\u00e7evede i\u015flenir.<\/p><p><strong>4.3. Amaca Ba\u011fl\u0131l\u0131k, S\u0131n\u0131rl\u0131 olma ve \u00d6l\u00e7\u00fcl\u00fcl\u00fck<\/strong><\/p><p>\u015eirketimiz, ilgili ki\u015finin verilerini a\u00e7\u0131k r\u0131zas\u0131 do\u011frultusunda hangi ama\u00e7lar i\u00e7in i\u015fleyece\u011fini belirler. Bu kapsamda \u00f6l\u00e7\u00fcl\u00fc olarak i\u015fleme amac\u0131 ile ilgili olmayan veya ihtiya\u00e7 duyulmayan ki\u015fisel verileri i\u015flemekten ka\u00e7\u0131n\u0131r, veri i\u015fleme faaliyetleri esnas\u0131nda gerekli olan veri asgari seviyede toplan\u0131r.<\/p><p><strong>4.4. Ki\u015fisel Verilerin Do\u011fru ve Gerekti\u011finde G\u00fcncel Olmas\u0131n\u0131n Sa\u011flanmas\u0131<\/strong><\/p><p>\u015eirketimiz, i\u015fledi\u011fi ki\u015fisel verilerin do\u011fru olmas\u0131n\u0131 sa\u011flar, bunun i\u00e7in ilgili ki\u015finin beyanlar\u0131na itibar eder ve gerekti\u011finde g\u00fcncelli\u011fine ili\u015fkin teyit al\u0131r.<\/p><p><strong>4.5. Ki\u015fisel Verilerin Belirli, A\u00e7\u0131k ve Me\u015fru Ama\u00e7larla \u0130\u015flenmesi<\/strong><\/p><p>\u015eirketimiz, ki\u015fisel verileri me\u015fru ve hukuka uygun sebeplerle toplar ve i\u015fler. \u015eirketimiz, ki\u015fisel verileri, y\u00fcr\u00fctmekte olduklar\u0131 faaliyetlerle ba\u011flant\u0131l\u0131 olarak, makul \u00e7er\u00e7evede ve gerekli oldu\u011fu \u00f6l\u00e7\u00fcde i\u015fler ve ilgili mevzuatta \u00f6ng\u00f6r\u00fclen veya i\u015flendikleri ama\u00e7 i\u00e7in gerekli olan s\u00fcre kadar muhafaza eder.<\/p><p><strong>4.6. Veri Emniyeti \u0130lkesi<\/strong><\/p><p>\u015eirketimiz, teknolojinin geli\u015fme h\u0131z\u0131n\u0131n fark\u0131ndal\u0131\u011f\u0131yla verilerinizin g\u00fcvenli\u011finin sadece hukuki y\u00f6ntemlerle s\u0131n\u0131rl\u0131 olmad\u0131\u011f\u0131n\u0131n ve teknoloji destekli yollar\u0131n da esas al\u0131nmas\u0131n\u0131n \u00f6neminin bilincindedir. Bu ba\u011flamda veri emniyetini sa\u011flamak i\u00e7in gereken t\u00fcm \u00f6nlemleri almaya \u00e7al\u0131\u015f\u0131r.\u00a0<\/p><p><strong>5.K\u0130\u015e\u0130SEL VER\u0130LER\u0130N TOPLANMA Y\u00d6NTEM\u0130\u00a0VE HUKUK\u0130 SEBEB\u0130<\/strong><\/p><p>Ki\u015fisel verileriniz;<\/p><ul><li>\u015eirketimizin ticari faaliyetini s\u00fcrd\u00fcrmesi amac\u0131yla yapt\u0131\u011f\u0131 her t\u00fcrl\u00fc ticari i\u015flem, g\u00f6r\u00fc\u015fme ve s\u00f6zle\u015fmenin ifas\u0131 esnas\u0131nda ger\u00e7ek ki\u015filere ve t\u00fczel ki\u015filerin hissedarlar\u0131na, y\u00f6netim kurulu \u00fcyelerine, temsilcilerine, imza yetkililerine, \u00e7al\u0131\u015fanlar\u0131na ili\u015fkin ki\u015fisel verilerin elde edilmesi,<\/li><li>\u015eirketimizin istihdam ihtiyac\u0131n\u0131 kar\u015f\u0131lamak amac\u0131yla \u00e7al\u0131\u015fan adaylar\u0131 ile yap\u0131lan g\u00f6r\u00fc\u015fmeler esnas\u0131nda elde edilen genel ve \u00f6zel nitelikli ki\u015fisel verilerin elde edilmesi,<\/li><li>\u00c7al\u0131\u015fan ile i\u015f s\u00f6zle\u015fmesinin imzalanmas\u0131 ve i\u015f s\u00f6zle\u015fmesinin ifas\u0131 esnas\u0131nda genel ve \u00f6zel nitelikli ki\u015fisel verilerin elde edilmesi,<\/li><li>Bayilik ve yetkili servislik yetkisi vermek amac\u0131yla yapm\u0131\u015f oldu\u011fumuz g\u00f6r\u00fc\u015fmeler arac\u0131l\u0131\u011f\u0131yla,<\/li><li>G\u00fcvenli giri\u015f \u00e7\u0131k\u0131\u015f\u0131n sa\u011flanmas\u0131 amac\u0131yla g\u00fcvenlik kameras\u0131 kay\u0131tlar\u0131 ve ziyaret\u00e7i formunun doldurulmas\u0131 suretiyle,<\/li><li>\u00dcr\u00fcn ve hizmetlerimizden yararlanmak amac\u0131yla, \u015eirketimizin, ofis binalar\u0131n\u0131n, \u015fubelerinin, bayilerinin, ma\u011faza ve merkezlerinin fiziken ziyaret edilmesi, internet sayfalar\u0131 ve\/veya sair sosyal ve dijital mecralar\u0131n ziyaret edilmesi suretiyle,<\/li><li>Garanti ve yetkili servis, yedek par\u00e7a de\u011fi\u015fim hizmetleri amac\u0131yla \u00e7a\u011fr\u0131 merkezimizle yap\u0131lan g\u00f6r\u00fc\u015fmeler suretiyle,<\/li><li>\u015eirketimizin d\u00fczenledi\u011fi etkinlik, seminer, organizasyon, e\u011fitim gibi faaliyetlere kat\u0131l\u0131m suretiyle de i\u015flenebilecektir.<\/li><\/ul><p>Ki\u015fisel veriler otomatik ya da otomatik olmayan y\u00f6ntemlerle benzeri vas\u0131talarla s\u00f6zl\u00fc, yaz\u0131l\u0131 ya da elektronik olarak toplanabilmektedir. Toplanan ki\u015fisel verileriniz size daha iyi hizmet verebilmek amac\u0131yla KVKK\u2019n\u0131n 5. ve 6. maddelerinde belirtilen ki\u015fisel veri i\u015fleme \u015fartlar\u0131 ve ama\u00e7lar\u0131 kapsam\u0131nda i\u015flenebilecek ve aktar\u0131labilecektir.<\/p><p><strong>6.K\u0130\u015e\u0130SEL VER\u0130LER\u0130N AKTARILAB\u0130LECE\u011e\u0130 TARAFLAR \u0130LE AKTARIM AMACI<\/strong><\/p><p>Ki\u015fisel verileriniz, 6698 say\u0131l\u0131 Ki\u015fisel Verilerin Korunmas\u0131 Kanunu\u2019nun 8 ve 9. maddeleri uyar\u0131nca yurti\u00e7i ve\/veya yurt d\u0131\u015f\u0131nda bulunan Holdingimiz grup \u015firketleri ve ba\u011fl\u0131 ortakl\u0131klar\u0131 ile hissedarlar\u0131m\u0131za, i\u015f ortaklar\u0131m\u0131za, tedarik\u00e7ilerimize, yetkili kamu kurumlar\u0131na ve \u00f6zel ki\u015filere aktar\u0131labilecektir.<\/p><p><strong>7.VER\u0130 G\u00dcVENL\u0130\u011e\u0130NE \u0130L\u0130\u015eK\u0130N \u00d6NLEMLER VE TAAHH\u00dcTLER<\/strong><\/p><p>\u015eirketimiz;<\/p><ul><li>ki\u015fisel verilerin hukuka ayk\u0131r\u0131 olarak i\u015flenmemesini,<\/li><li>ki\u015fisel verilere hukuka ayk\u0131r\u0131 olarak eri\u015filmemesini ve<\/li><li>ki\u015fisel verilerin muhafazas\u0131n\u0131<\/li><\/ul><p>\u00a0<\/p><p>sa\u011flamak amac\u0131yla uygun g\u00fcvenlik d\u00fczeyini temin etmeye y\u00f6nelik gerekli teknik ve idari tedbirleri almay\u0131, gerekli denetimleri yapt\u0131rmay\u0131 taahh\u00fct eder.<\/p><p>\u015eirketimiz, hakk\u0131n\u0131zda elde etti\u011fi ki\u015fisel verileri i\u015fbu Ki\u015fisel Verilerin \u0130\u015flenmesine \u0130li\u015fkin Ayd\u0131nlatma Metni ile Ki\u015fisel Verilerin Korunmas\u0131 Kanunu ve ilgili mevzuat h\u00fck\u00fcmlerine ayk\u0131r\u0131 olarak ba\u015fkas\u0131na a\u00e7\u0131klamayacak ve i\u015fleme amac\u0131 d\u0131\u015f\u0131nda kullanmayacakt\u0131r.<\/p><p>Web-sitemiz \u00fczerinden ba\u015fka uygulamalara link verilmesi halinde, \u015eirketimiz, uygulamalar\u0131n gizlilik politikalar\u0131 ve i\u00e7eriklerine y\u00f6nelik herhangi bir sorumluluk ta\u015f\u0131mamaktad\u0131r.<\/p><p><strong>8.K\u0130\u015e\u0130SEL VER\u0130 SAH\u0130B\u0130N\u0130N HAKLARI<\/strong><\/p><p>KVKK\u2019n\u0131n 11. Maddesi kapsam\u0131nda herkes veri sorumlusu s\u0131fat\u0131 ile \u015eirketimiz\u2019e a\u015fa\u011f\u0131daki hususlarda ba\u015fvurma hakk\u0131na sahiptir:<\/p><ul><li>Ki\u015fisel veri i\u015flenip i\u015flenmedi\u011fini \u00f6\u011frenme,<\/li><li>Ki\u015fisel verileri i\u015flenmi\u015fse buna ili\u015fkin bilgi talep etme,<\/li><li>Ki\u015fisel verilerin i\u015flenme amac\u0131n\u0131 ve bunlar\u0131n amac\u0131na uygun kullan\u0131l\u0131p kullan\u0131lmad\u0131\u011f\u0131n\u0131 \u00f6\u011frenme,<\/li><li>Yurt i\u00e7inde veya yurt d\u0131\u015f\u0131nda ki\u015fisel verilerin aktar\u0131ld\u0131\u011f\u0131 \u00fc\u00e7\u00fcnc\u00fc ki\u015fileri bilme,<\/li><li>Ki\u015fisel verilerin eksik veya yanl\u0131\u015f i\u015flenmi\u015f olmas\u0131 h\u00e2linde bunlar\u0131n d\u00fczeltilmesini isteme,<\/li><li>6698 say\u0131l\u0131 KVKK\u2019n\u0131n 7. maddesi uyar\u0131nca, bu Kanun ve ilgili di\u011fer kanun h\u00fck\u00fcmlerine uygun olarak i\u015flenmi\u015f olmas\u0131na ra\u011fmen, i\u015flenmesini gerektiren sebeplerin ortadan kalkmas\u0131 h\u00e2linde ki\u015fisel veriler resen veya ilgili ki\u015finin talebi \u00fczerine \u00f6ng\u00f6r\u00fclen \u015fartlar \u00e7er\u00e7evesinde ki\u015fisel verilerin silinmesini veya yok edilmesini isteme,<\/li><li>KVKK\u2019n\u0131n 5. ve 6. Maddeler kapsam\u0131nda bentleri uyar\u0131nca yap\u0131lan i\u015flemlerin, ki\u015fisel verilerin aktar\u0131ld\u0131\u011f\u0131 \u00fc\u00e7\u00fcnc\u00fc ki\u015filere bildirilmesini isteme,<\/li><li>\u0130\u015flenen verilerin m\u00fcnhas\u0131ran otomatik sistemler vas\u0131tas\u0131yla analiz edilmesi suretiyle ki\u015finin kendisi aleyhine bir sonucun ortaya \u00e7\u0131kmas\u0131na itiraz etme,<\/li><li>Ki\u015fisel verilerin kanuna ayk\u0131r\u0131 olarak i\u015flenmesi sebebiyle zarara u\u011framas\u0131 h\u00e2linde zarar\u0131n giderilmesini talep etme.<\/li><\/ul><p>\u00a0<\/p><p>KVK Kanunu\u2019nun 13. maddesinin 1. f\u0131kras\u0131 gere\u011fince, yukar\u0131da belirtilen haklar\u0131n\u0131z\u0131 kullanmak ile ilgili talebinizi, yaz\u0131l\u0131 veya Ki\u015fisel Verileri Koruma Kurulu\u2019nun belirledi\u011fi di\u011fer y\u00f6ntemlerle \u015eirketimize iletebilirsiniz. Ki\u015fisel Verileri Koruma Kurulu \u015fu a\u015famada herhangi bir y\u00f6ntem belirlemedi\u011fi i\u00e7in, ba\u015fvurunuzu KVK Kanunu gere\u011fince yaz\u0131l\u0131 olarak \u015eirketimize iletmeniz gerekmektedir. Bu \u00e7er\u00e7evede \u015eirketimize KVK Kanunu\u2019nun 11. maddesi kapsam\u0131nda yapaca\u011f\u0131n\u0131z ba\u015fvurularda yaz\u0131l\u0131 olarak ba\u015fvurunuzu iletece\u011finiz kanallar ve usuller a\u015fa\u011f\u0131da a\u00e7\u0131klanmaktad\u0131r.<\/p><p>Yukar\u0131da belirtilen haklar\u0131n\u0131z\u0131 kullanmak i\u00e7in kimli\u011finizi tespit edici gerekli bilgiler ile KVKK\u2019n\u0131n 11. maddesinde belirtilen haklardan kullanmay\u0131 talep etti\u011finiz hakk\u0131n\u0131za y\u00f6nelik a\u00e7\u0131klamalar\u0131n\u0131z\u0131 i\u00e7eren talebinizi, talebinizin imzal\u0131 bir n\u00fcshas\u0131n\u0131 GROUP SAGUN \u201cOsmangazi Mh. Battalgazi Cd. No:21 Sancaktepe\/\u0130stanbul\u201d adresine kimli\u011finizi tespit edici belgeler ile bizzat elden iletebilir, noter kanal\u0131yla veya KVKK\u2019da belirtilen di\u011fer y\u00f6ntemler ile g\u00f6nderebilir veya ilgili formu\u00a0<a href=\"mailto:sagun@sagun.com\">sagun@sagun.com<\/a>\u00a0\u00a0adresine g\u00fcvenli elektronik imzal\u0131 olarak iletebilirsiniz.<\/p><p>\u00a0<\/p>\t\t\t\t\t\t\t\t<\/div>\n\t\t\t\t\t<\/div>\n\t\t\t\t<\/div>\n\t\t\t\t<\/div>\n\t\t","protected":false},"excerpt":{"rendered":"<p>K\u0130\u015e\u0130SEL VER\u0130LER\u0130N KORUNMASI KANUNU VE AYDINLATMA METN\u0130 K\u0130\u015e\u0130SEL VER\u0130LER\u0130N KORUNMASI KANUNU UYARINCA AYDINLATMA METN\u0130 GROUP SAGUN VE BA\u011eLI \u015e\u0130RKETLER\u0130M\u0130Z (Kemal Bal\u0131k\u00e7\u0131l\u0131k \u0130hracat Ltd. \u015eti, Tsm Deniz \u00dcr\u00fcnleri Sanayi ve Ticaret A.\u015e, Marines G\u0131da \u00dcr\u00fcnleri Sanayi ve Ticaret A.\u015e, Merlion Deniz \u00dcr\u00fcnleri Sanayi ve Ticaret A.\u015e, Sagun Aqua K\u00fclt\u00fcr Bal\u0131k\u00e7\u0131l\u0131k Sanayi ve Ticaret A.\u015e, Sagun Su [&hellip;]<\/p>\n","protected":false},"author":1,"featured_media":0,"parent":0,"menu_order":0,"comment_status":"closed","ping_status":"closed","template":"elementor_header_footer","meta":{"footnotes":""},"class_list":["post-1472","page","type-page","status-publish","hentry"],"_links":{"self":[{"href":"https:\/\/windmedya.net\/sagun\/index.php\/wp-json\/wp\/v2\/pages\/1472","targetHints":{"allow":["GET"]}}],"collection":[{"href":"https:\/\/windmedya.net\/sagun\/index.php\/wp-json\/wp\/v2\/pages"}],"about":[{"href":"https:\/\/windmedya.net\/sagun\/index.php\/wp-json\/wp\/v2\/types\/page"}],"author":[{"embeddable":true,"href":"https:\/\/windmedya.net\/sagun\/index.php\/wp-json\/wp\/v2\/users\/1"}],"replies":[{"embeddable":true,"href":"https:\/\/windmedya.net\/sagun\/index.php\/wp-json\/wp\/v2\/comments?post=1472"}],"version-history":[{"count":10,"href":"https:\/\/windmedya.net\/sagun\/index.php\/wp-json\/wp\/v2\/pages\/1472\/revisions"}],"predecessor-version":[{"id":3046,"href":"https:\/\/windmedya.net\/sagun\/index.php\/wp-json\/wp\/v2\/pages\/1472\/revisions\/3046"}],"wp:attachment":[{"href":"https:\/\/windmedya.net\/sagun\/index.php\/wp-json\/wp\/v2\/media?parent=1472"}],"curies":[{"name":"wp","href":"https:\/\/api.w.org\/{rel}","templated":true}]}}