{"id":1393,"date":"2025-11-12T10:56:53","date_gmt":"2025-11-12T10:56:53","guid":{"rendered":"https:\/\/windmedya.net\/sagun\/?page_id=1393"},"modified":"2025-12-29T11:41:25","modified_gmt":"2025-12-29T11:41:25","slug":"deniz-salyangozu","status":"publish","type":"page","link":"https:\/\/windmedya.net\/sagun\/index.php\/deniz-salyangozu\/","title":{"rendered":"Deniz Salyangozu"},"content":{"rendered":"\t\t<div data-elementor-type=\"wp-page\" data-elementor-id=\"1393\" class=\"elementor elementor-1393\" data-elementor-settings=\"{&quot;ha_cmc_init_switcher&quot;:&quot;no&quot;}\" data-elementor-post-type=\"page\">\n\t\t\t\t<div class=\"elementor-element elementor-element-1fbc4e2 e-flex e-con-boxed e-con e-parent\" data-id=\"1fbc4e2\" data-element_type=\"container\" data-settings=\"{&quot;background_background&quot;:&quot;classic&quot;,&quot;_ha_eqh_enable&quot;:false}\">\n\t\t\t\t\t<div class=\"e-con-inner\">\n\t\t<div class=\"elementor-element elementor-element-50f3eab e-con-full e-flex e-con e-child\" data-id=\"50f3eab\" data-element_type=\"container\" data-settings=\"{&quot;_ha_eqh_enable&quot;:false}\">\n\t\t\t\t<div class=\"elementor-element elementor-element-50bd1c3 elementor-widget elementor-widget-heading\" data-id=\"50bd1c3\" data-element_type=\"widget\" data-widget_type=\"heading.default\">\n\t\t\t\t\t<h2 class=\"elementor-heading-title elementor-size-default\">DEN\u0130Z SALYANGOZU<\/h2>\t\t\t\t<\/div>\n\t\t\t\t<\/div>\n\t\t\t\t\t<\/div>\n\t\t\t\t<\/div>\n\t\t<div class=\"elementor-element elementor-element-7c760056 e-flex e-con-boxed e-con e-parent\" data-id=\"7c760056\" data-element_type=\"container\" data-settings=\"{&quot;_ha_eqh_enable&quot;:false}\">\n\t\t\t\t\t<div class=\"e-con-inner\">\n\t\t<div class=\"elementor-element elementor-element-d656117 e-con-full e-flex e-con e-child\" data-id=\"d656117\" data-element_type=\"container\" data-settings=\"{&quot;_ha_eqh_enable&quot;:false}\">\n\t\t\t\t<div class=\"elementor-element elementor-element-c0c1085 elementor-invisible elementor-widget elementor-widget-image\" data-id=\"c0c1085\" data-element_type=\"widget\" data-settings=\"{&quot;_animation&quot;:&quot;fadeInLeft&quot;}\" data-widget_type=\"image.default\">\n\t\t\t\t\t\t\t\t\t\t\t\t\t\t\t<img fetchpriority=\"high\" decoding=\"async\" width=\"1080\" height=\"1355\" src=\"https:\/\/windmedya.net\/sagun\/wp-content\/uploads\/2025\/11\/Topshell-Kapak-Large.jpg\" class=\"attachment-full size-full wp-image-1394\" alt=\"\" srcset=\"https:\/\/windmedya.net\/sagun\/wp-content\/uploads\/2025\/11\/Topshell-Kapak-Large.jpg 1080w, https:\/\/windmedya.net\/sagun\/wp-content\/uploads\/2025\/11\/Topshell-Kapak-Large-239x300.jpg 239w, https:\/\/windmedya.net\/sagun\/wp-content\/uploads\/2025\/11\/Topshell-Kapak-Large-816x1024.jpg 816w, https:\/\/windmedya.net\/sagun\/wp-content\/uploads\/2025\/11\/Topshell-Kapak-Large-768x964.jpg 768w\" sizes=\"(max-width: 1080px) 100vw, 1080px\" \/>\t\t\t\t\t\t\t\t\t\t\t\t\t\t\t<\/div>\n\t\t\t\t<div class=\"elementor-element elementor-element-2d73fc13 elementor-widget__width-initial elementor-absolute ha-has-bg-overlay elementor-invisible elementor-widget elementor-widget-spacer\" data-id=\"2d73fc13\" data-element_type=\"widget\" data-settings=\"{&quot;_position&quot;:&quot;absolute&quot;,&quot;_animation&quot;:&quot;zoomIn&quot;}\" data-widget_type=\"spacer.default\">\n\t\t\t\t\t\t\t<div class=\"elementor-spacer\">\n\t\t\t<div class=\"elementor-spacer-inner\"><\/div>\n\t\t<\/div>\n\t\t\t\t\t\t<\/div>\n\t\t\t\t<\/div>\n\t\t<div class=\"elementor-element elementor-element-5aac7b53 e-con-full e-flex elementor-invisible e-con e-child\" data-id=\"5aac7b53\" data-element_type=\"container\" data-settings=\"{&quot;animation&quot;:&quot;fadeInRight&quot;,&quot;_ha_eqh_enable&quot;:false}\">\n\t\t\t\t<div class=\"elementor-element elementor-element-490bd1b5 elementor-widget elementor-widget-heading\" data-id=\"490bd1b5\" data-element_type=\"widget\" data-widget_type=\"heading.default\">\n\t\t\t\t\t<h2 class=\"elementor-heading-title elementor-size-default\">Deniz Salyangozu<\/h2>\t\t\t\t<\/div>\n\t\t\t\t<div class=\"elementor-element elementor-element-6ac24823 elementor-widget__width-initial elementor-widget elementor-widget-text-editor\" data-id=\"6ac24823\" data-element_type=\"widget\" data-widget_type=\"text-editor.default\">\n\t\t\t\t\t\t\t\t\t<p>Deniz salyangozu eti, d\u00fc\u015f\u00fck ya\u011f i\u00e7eri\u011fi ve iyot, fosfor, kalsiyum ile A, M, R ve B vitaminleri dahil olmak \u00fczere bol miktarda hayati besin maddesi bar\u0131nd\u0131rmas\u0131yla besleyici ve lezzetli bir deniz \u00fcr\u00fcn\u00fc se\u00e7ene\u011fidir. Ayr\u0131ca, insan sa\u011fl\u0131\u011f\u0131 i\u00e7in gerekli olan temel amino asitleri de i\u00e7erir. Bu besin de\u011ferleri sayesinde deniz salyangozu eti, Uzak Do\u011fu mutfa\u011f\u0131nda olduk\u00e7a pop\u00fcler bir i\u00e7erik haline gelmi\u015ftir.<br data-start=\"448\" data-end=\"451\" \/>Deniz salyangozu; <strong data-start=\"469\" data-end=\"493\">deniz salyangozu eti<\/strong>, <strong data-start=\"495\" data-end=\"518\">kaya salyangozu eti<\/strong>, <strong data-start=\"520\" data-end=\"537\">Rapana Venosa<\/strong>, <strong data-start=\"539\" data-end=\"560\">Rapana Thomasiana<\/strong> ve <strong data-start=\"564\" data-end=\"584\">whelk shell meat<\/strong> (kabuklu deniz salyangozu eti) olarak da bilinmektedir.<\/p><p>Latince \u0130smi: RAPANA TOMASIANA<\/p><p>\u00a0<\/p><table width=\"297\"><tbody><tr><td colspan=\"2\"><strong>Boyutlar\u0131 (gr)<\/strong><\/td><\/tr><tr><td width=\"144\">3L: 0-12 par\u00e7a\/kg<\/td><td>2L: 13-25 par\u00e7a\/kg<\/td><\/tr><tr><td width=\"144\">L: 26-50 par\u00e7a\/kg<\/td><td>M: 51-70 par\u00e7a\/kg<\/td><\/tr><tr><td width=\"144\">S: 71-95 par\u00e7a\/kg<\/td><td>2S: 96-140 par\u00e7a\/kg<\/td><\/tr><tr><td width=\"144\">3S: 141-220 par\u00e7a\/kg<\/td><td>4S: 221-300 par\u00e7a\/kg<\/td><\/tr><\/tbody><\/table><p>\u00a0<\/p><p><strong>10 kg veya 20 kg\u2019lik kolilerde ambalajl\u0131<\/strong><\/p>\t\t\t\t\t\t\t\t<\/div>\n\t\t\t\t<\/div>\n\t\t\t\t\t<\/div>\n\t\t\t\t<\/div>\n\t\t\t\t<\/div>\n\t\t","protected":false},"excerpt":{"rendered":"<p>DEN\u0130Z SALYANGOZU Deniz Salyangozu Deniz salyangozu eti, d\u00fc\u015f\u00fck ya\u011f i\u00e7eri\u011fi ve iyot, fosfor, kalsiyum ile A, M, R ve B vitaminleri dahil olmak \u00fczere bol miktarda hayati besin maddesi bar\u0131nd\u0131rmas\u0131yla besleyici ve lezzetli bir deniz \u00fcr\u00fcn\u00fc se\u00e7ene\u011fidir. Ayr\u0131ca, insan sa\u011fl\u0131\u011f\u0131 i\u00e7in gerekli olan temel amino asitleri de i\u00e7erir. Bu besin de\u011ferleri sayesinde deniz salyangozu eti, [&hellip;]<\/p>\n","protected":false},"author":1,"featured_media":0,"parent":0,"menu_order":0,"comment_status":"closed","ping_status":"closed","template":"elementor_header_footer","meta":{"footnotes":""},"class_list":["post-1393","page","type-page","status-publish","hentry"],"_links":{"self":[{"href":"https:\/\/windmedya.net\/sagun\/index.php\/wp-json\/wp\/v2\/pages\/1393","targetHints":{"allow":["GET"]}}],"collection":[{"href":"https:\/\/windmedya.net\/sagun\/index.php\/wp-json\/wp\/v2\/pages"}],"about":[{"href":"https:\/\/windmedya.net\/sagun\/index.php\/wp-json\/wp\/v2\/types\/page"}],"author":[{"embeddable":true,"href":"https:\/\/windmedya.net\/sagun\/index.php\/wp-json\/wp\/v2\/users\/1"}],"replies":[{"embeddable":true,"href":"https:\/\/windmedya.net\/sagun\/index.php\/wp-json\/wp\/v2\/comments?post=1393"}],"version-history":[{"count":6,"href":"https:\/\/windmedya.net\/sagun\/index.php\/wp-json\/wp\/v2\/pages\/1393\/revisions"}],"predecessor-version":[{"id":3187,"href":"https:\/\/windmedya.net\/sagun\/index.php\/wp-json\/wp\/v2\/pages\/1393\/revisions\/3187"}],"wp:attachment":[{"href":"https:\/\/windmedya.net\/sagun\/index.php\/wp-json\/wp\/v2\/media?parent=1393"}],"curies":[{"name":"wp","href":"https:\/\/api.w.org\/{rel}","templated":true}]}}