{"id":1067,"date":"2025-11-10T12:44:34","date_gmt":"2025-11-10T12:44:34","guid":{"rendered":"https:\/\/windmedya.net\/sagun\/?page_id=1067"},"modified":"2025-12-11T16:29:37","modified_gmt":"2025-12-11T16:29:37","slug":"ahmet-tuncayseda-sagun-vakfi","status":"publish","type":"page","link":"https:\/\/windmedya.net\/sagun\/index.php\/ahmet-tuncayseda-sagun-vakfi\/","title":{"rendered":"Ahmet Tuncay &#038; Seda Sagun Aile Vakf\u0131"},"content":{"rendered":"\t\t<div data-elementor-type=\"wp-page\" data-elementor-id=\"1067\" class=\"elementor elementor-1067\" data-elementor-settings=\"{&quot;ha_cmc_init_switcher&quot;:&quot;no&quot;}\" data-elementor-post-type=\"page\">\n\t\t\t\t<div class=\"elementor-element elementor-element-4b5cdce e-flex e-con-boxed elementor-invisible e-con e-parent\" data-id=\"4b5cdce\" data-element_type=\"container\" data-settings=\"{&quot;background_background&quot;:&quot;classic&quot;,&quot;animation&quot;:&quot;slideInDown&quot;,&quot;_ha_eqh_enable&quot;:false}\">\n\t\t\t\t\t<div class=\"e-con-inner\">\n\t\t<div class=\"elementor-element elementor-element-b6e60eb e-con-full e-flex e-con e-child\" data-id=\"b6e60eb\" data-element_type=\"container\" data-settings=\"{&quot;_ha_eqh_enable&quot;:false}\">\n\t\t\t\t<div class=\"elementor-element elementor-element-82b62af elementor-widget elementor-widget-heading\" data-id=\"82b62af\" data-element_type=\"widget\" data-widget_type=\"heading.default\">\n\t\t\t\t\t<h2 class=\"elementor-heading-title elementor-size-default\">Ahmet Tuncay &amp; Seda Sagun Aile Vakf\u0131<\/h2>\t\t\t\t<\/div>\n\t\t\t\t<\/div>\n\t\t\t\t\t<\/div>\n\t\t\t\t<\/div>\n\t\t<div class=\"elementor-element elementor-element-df7bbce e-flex e-con-boxed elementor-invisible e-con e-parent\" data-id=\"df7bbce\" data-element_type=\"container\" data-settings=\"{&quot;animation&quot;:&quot;slideInUp&quot;,&quot;_ha_eqh_enable&quot;:false}\">\n\t\t\t\t\t<div class=\"e-con-inner\">\n\t\t\t\t<div class=\"elementor-element elementor-element-c4bb5a6 elementor-widget elementor-widget-heading\" data-id=\"c4bb5a6\" data-element_type=\"widget\" data-widget_type=\"heading.default\">\n\t\t\t\t\t<h2 class=\"elementor-heading-title elementor-size-default\">Ahmet Tuncay &amp; Seda Sagun Aile Vakf\u0131<\/h2>\t\t\t\t<\/div>\n\t\t\t\t<div class=\"elementor-element elementor-element-9fa2c90 elementor-widget__width-initial elementor-widget elementor-widget-text-editor\" data-id=\"9fa2c90\" data-element_type=\"widget\" data-widget_type=\"text-editor.default\">\n\t\t\t\t\t\t\t\t\t<p>Kuruculu\u011funu Ahmet Sagun ve Seda Sagun&#8217;un \u00fcstlendi\u011fi vak\u0131f, ailenin gelecek ku\u015faklar\u0131n\u0131n milli ve manevi de\u011ferlere ba\u011fl\u0131 olarak yeti\u015fmelerini desteklemeyi ama\u00e7lamakla birlikte din, dil, \u0131rk ay\u0131rmaks\u0131z\u0131n \u00f6ncelikle kimsesiz, \u00f6ks\u00fcz ve yetim ve\/veya ba\u015far\u0131l\u0131 \u00f6\u011frencilerin ve bak\u0131ma muhta\u00e7 ve\/veya ihtiya\u00e7 sahibi insanlar\u0131n nakdi ve ayni ihtiya\u00e7lar\u0131n\u0131 kar\u015f\u0131lamaya yard\u0131mc\u0131 olmak suretiyle toplumsal yard\u0131mla\u015fma ve dayan\u0131\u015fman\u0131n geli\u015ftirilmesine katk\u0131 sa\u011flamaktad\u0131r.<\/p><p>Vak\u0131f bu toplumsal amaca ula\u015fmak i\u00e7in her t\u00fcrl\u00fc e\u011fitim ve \u00f6\u011fretim hizmetleri, ara\u015ft\u0131rma ve geli\u015ftirme hizmetleri, sosyal ve k\u00fclt\u00fcrel hizmetler ve halka ili\u015fkiler hizmetlerini ger\u00e7ekle\u015ftirmektedir.<\/p>\t\t\t\t\t\t\t\t<\/div>\n\t\t\t\t\t<\/div>\n\t\t\t\t<\/div>\n\t\t\t\t<\/div>\n\t\t","protected":false},"excerpt":{"rendered":"<p>Ahmet Tuncay &amp; Seda Sagun Aile Vakf\u0131 Ahmet Tuncay &amp; Seda Sagun Aile Vakf\u0131 Kuruculu\u011funu Ahmet Sagun ve Seda Sagun&#8217;un \u00fcstlendi\u011fi vak\u0131f, ailenin gelecek ku\u015faklar\u0131n\u0131n milli ve manevi de\u011ferlere ba\u011fl\u0131 olarak yeti\u015fmelerini desteklemeyi ama\u00e7lamakla birlikte din, dil, \u0131rk ay\u0131rmaks\u0131z\u0131n \u00f6ncelikle kimsesiz, \u00f6ks\u00fcz ve yetim ve\/veya ba\u015far\u0131l\u0131 \u00f6\u011frencilerin ve bak\u0131ma muhta\u00e7 ve\/veya ihtiya\u00e7 sahibi insanlar\u0131n nakdi [&hellip;]<\/p>\n","protected":false},"author":1,"featured_media":0,"parent":0,"menu_order":0,"comment_status":"closed","ping_status":"closed","template":"elementor_header_footer","meta":{"footnotes":""},"class_list":["post-1067","page","type-page","status-publish","hentry"],"_links":{"self":[{"href":"https:\/\/windmedya.net\/sagun\/index.php\/wp-json\/wp\/v2\/pages\/1067","targetHints":{"allow":["GET"]}}],"collection":[{"href":"https:\/\/windmedya.net\/sagun\/index.php\/wp-json\/wp\/v2\/pages"}],"about":[{"href":"https:\/\/windmedya.net\/sagun\/index.php\/wp-json\/wp\/v2\/types\/page"}],"author":[{"embeddable":true,"href":"https:\/\/windmedya.net\/sagun\/index.php\/wp-json\/wp\/v2\/users\/1"}],"replies":[{"embeddable":true,"href":"https:\/\/windmedya.net\/sagun\/index.php\/wp-json\/wp\/v2\/comments?post=1067"}],"version-history":[{"count":32,"href":"https:\/\/windmedya.net\/sagun\/index.php\/wp-json\/wp\/v2\/pages\/1067\/revisions"}],"predecessor-version":[{"id":2630,"href":"https:\/\/windmedya.net\/sagun\/index.php\/wp-json\/wp\/v2\/pages\/1067\/revisions\/2630"}],"wp:attachment":[{"href":"https:\/\/windmedya.net\/sagun\/index.php\/wp-json\/wp\/v2\/media?parent=1067"}],"curies":[{"name":"wp","href":"https:\/\/api.w.org\/{rel}","templated":true}]}}